Last updated on 2024-07-27 01:53:28 CEST.
Flavor | Version | Tinstall | Tcheck | Ttotal | Status | Flags |
---|---|---|---|---|---|---|
r-devel-linux-x86_64-debian-clang | 0.4.0 | 10.35 | 87.99 | 98.34 | OK | |
r-devel-linux-x86_64-debian-gcc | 0.4.0 | 7.65 | 65.96 | 73.61 | OK | |
r-devel-linux-x86_64-fedora-clang | 0.4.0 | 129.54 | OK | |||
r-devel-linux-x86_64-fedora-gcc | 0.4.0 | 113.85 | OK | |||
r-devel-windows-x86_64 | 0.4.0 | 10.00 | 79.00 | 89.00 | OK | |
r-patched-linux-x86_64 | 0.4.0 | OK | ||||
r-release-linux-x86_64 | 0.4.0 | 6.64 | 84.52 | 91.16 | OK | |
r-release-macos-arm64 | 0.4.0 | 40.00 | OK | |||
r-release-macos-x86_64 | 0.4.0 | 52.00 | OK | |||
r-release-windows-x86_64 | 0.4.0 | 10.00 | 78.00 | 88.00 | OK | |
r-oldrel-macos-arm64 | 0.4.0 | 39.00 | OK | |||
r-oldrel-macos-x86_64 | 0.4.0 | 62.00 | NOTE | |||
r-oldrel-windows-x86_64 | 0.4.0 | 14.00 | 93.00 | 107.00 | OK |
Version: 0.4.0
Check: package dependencies
Result: NOTE
Package suggested but not available for checking: ‘nlmixr2’
Flavor: r-oldrel-macos-x86_64