Last updated on 2024-07-27 01:53:28 CEST.
Flavor | Version | Tinstall | Tcheck | Ttotal | Status | Flags |
---|---|---|---|---|---|---|
r-devel-linux-x86_64-debian-clang | 4.7.3 | 28.62 | 231.77 | 260.39 | OK | |
r-devel-linux-x86_64-debian-gcc | 4.7.3 | 18.74 | 164.59 | 183.33 | NOTE | |
r-devel-linux-x86_64-fedora-clang | 4.7.3 | 327.12 | OK | |||
r-devel-linux-x86_64-fedora-gcc | 4.7.3 | 292.02 | OK | |||
r-devel-windows-x86_64 | 4.7.3 | 30.00 | 225.00 | 255.00 | NOTE | |
r-patched-linux-x86_64 | 4.7.3 | OK | ||||
r-release-linux-x86_64 | 4.7.3 | 17.11 | 218.43 | 235.54 | OK | |
r-release-macos-arm64 | 4.7.3 | 77.00 | OK | |||
r-release-macos-x86_64 | 4.7.3 | 116.00 | OK | |||
r-release-windows-x86_64 | 4.7.3 | 24.00 | 219.00 | 243.00 | OK | |
r-oldrel-macos-arm64 | 4.7.3 | 78.00 | OK | |||
r-oldrel-macos-x86_64 | 4.7.3 | 195.00 | OK | |||
r-oldrel-windows-x86_64 | 4.7.3 | 32.00 | 261.00 | 293.00 | OK |
Version: 4.7.3
Check: Rd cross-references
Result: NOTE
Found the following Rd file(s) with Rd \link{} targets missing package
anchors:
xpose.VPC.categorical.Rd: xyplot
Please provide package anchors for all Rd \link{} targets not in the
package itself and the base packages.
Flavors: r-devel-linux-x86_64-debian-gcc, r-devel-windows-x86_64