CRAN Package Check Results for Package xsp

Last updated on 2025-11-19 01:49:07 CET.

Flavor Version Tinstall Tcheck Ttotal Status Flags
r-devel-linux-x86_64-debian-clang 0.1.2 5.29 64.95 70.24 NOTE
r-devel-linux-x86_64-debian-gcc 0.1.2 3.54 48.37 51.91 NOTE
r-devel-linux-x86_64-fedora-clang 0.1.2 12.00 98.33 110.33 OK
r-devel-linux-x86_64-fedora-gcc 0.1.2 12.00 96.85 108.85 OK
r-devel-windows-x86_64 0.1.2 8.00 73.00 81.00 OK
r-patched-linux-x86_64 0.1.2 5.81 60.74 66.55 OK
r-release-linux-x86_64 0.1.2 5.09 61.46 66.55 OK
r-release-macos-arm64 0.1.2 2.00 28.00 30.00 OK
r-release-macos-x86_64 0.1.2 5.00 48.00 53.00 OK
r-release-windows-x86_64 0.1.2 8.00 73.00 81.00 OK
r-oldrel-macos-arm64 0.1.2 2.00 25.00 27.00 NOTE
r-oldrel-macos-x86_64 0.1.2 3.00 38.00 41.00 NOTE
r-oldrel-windows-x86_64 0.1.2 10.00 93.00 103.00 NOTE

Check Details

Version: 0.1.2
Check: CRAN incoming feasibility
Result: NOTE Maintainer: ‘Hitoshi Iuchi <hiuchi@sfc.keio.ac.jp>’ No Authors@R field in DESCRIPTION. Please add one, modifying Authors@R: c(person(given = "Hitoshi", family = "Iuchi", role = c("aut", "cre"), email = "hiuchi@sfc.keio.ac.jp"), person(given = c("Rikuhiro", "G."), family = "Yamada", role = "aut")) as necessary. Flavors: r-devel-linux-x86_64-debian-clang, r-devel-linux-x86_64-debian-gcc

Version: 0.1.2
Check: LazyData
Result: NOTE 'LazyData' is specified without a 'data' directory Flavors: r-oldrel-macos-arm64, r-oldrel-macos-x86_64, r-oldrel-windows-x86_64