Last updated on 2024-07-27 01:53:28 CEST.
Flavor | Version | Tinstall | Tcheck | Ttotal | Status | Flags |
---|---|---|---|---|---|---|
r-devel-linux-x86_64-debian-clang | 0.3.5 | 2.58 | 149.11 | 151.69 | OK | |
r-devel-linux-x86_64-debian-gcc | 0.3.5 | 3.27 | 223.92 | 227.19 | NOTE | |
r-devel-linux-x86_64-fedora-clang | 0.3.5 | 324.19 | OK | |||
r-devel-linux-x86_64-fedora-gcc | 0.3.5 | 347.61 | OK | |||
r-devel-windows-x86_64 | 0.3.5 | 6.00 | 131.00 | 137.00 | NOTE | |
r-patched-linux-x86_64 | 0.3.5 | OK | ||||
r-release-linux-x86_64 | 0.3.5 | 2.44 | 254.72 | 257.16 | OK | |
r-release-macos-arm64 | 0.3.5 | 50.00 | OK | |||
r-release-macos-x86_64 | 0.3.5 | 99.00 | OK | |||
r-release-windows-x86_64 | 0.3.5 | 5.00 | 127.00 | 132.00 | OK | |
r-oldrel-macos-arm64 | 0.3.5 | 56.00 | OK | |||
r-oldrel-macos-x86_64 | 0.3.5 | 85.00 | OK | |||
r-oldrel-windows-x86_64 | 0.3.5 | 6.00 | 140.00 | 146.00 | OK |
Version: 0.3.5
Check: Rd cross-references
Result: NOTE
Found the following Rd file(s) with Rd \link{} targets missing package
anchors:
periodogram.Rd: behavr
periodogram_methods.Rd: data.table
spectrogram.Rd: behavr
Please provide package anchors for all Rd \link{} targets not in the
package itself and the base packages.
Flavors: r-devel-linux-x86_64-debian-gcc, r-devel-windows-x86_64