Last updated on 2025-11-20 02:49:30 CET.
| Flavor | Version | Tinstall | Tcheck | Ttotal | Status | Flags |
|---|---|---|---|---|---|---|
| r-devel-linux-x86_64-debian-clang | 0.6-70 | 7.21 | 101.95 | 109.16 | NOTE | |
| r-devel-linux-x86_64-debian-gcc | 0.6-70 | 5.30 | 62.01 | 67.31 | NOTE | |
| r-devel-linux-x86_64-fedora-clang | 0.6-70 | 17.00 | 152.51 | 169.51 | OK | |
| r-devel-linux-x86_64-fedora-gcc | 0.6-70 | 22.00 | 152.68 | 174.68 | OK | |
| r-devel-windows-x86_64 | 0.6-70 | 10.00 | 133.00 | 143.00 | OK | |
| r-patched-linux-x86_64 | 0.6-70 | 9.34 | 91.31 | 100.65 | OK | |
| r-release-linux-x86_64 | 0.6-70 | 8.15 | 92.08 | 100.23 | OK | |
| r-release-macos-arm64 | 0.6-70 | OK | ||||
| r-release-macos-x86_64 | 0.6-70 | 7.00 | 98.00 | 105.00 | OK | |
| r-release-windows-x86_64 | 0.6-70 | 10.00 | 133.00 | 143.00 | OK | |
| r-oldrel-macos-arm64 | 0.6-70 | OK | ||||
| r-oldrel-macos-x86_64 | 0.6-70 | 6.00 | 81.00 | 87.00 | OK | |
| r-oldrel-windows-x86_64 | 0.6-70 | 10.00 | 131.00 | 141.00 | OK |
Version: 0.6-70
Check: CRAN incoming feasibility
Result: NOTE
Maintainer: ‘Stefan Evert <stefan.evert@fau.de>’
No Authors@R field in DESCRIPTION.
Please add one, modifying
Authors@R: c(person(given = "Stefan",
family = "Evert",
role = c("aut", "cre"),
email = "stefan.evert@fau.de"),
person(given = "Marco",
family = "Baroni",
role = "aut",
email = "marco.baroni@unitn.it"))
as necessary.
Found the following URLs which should use \doi (with the DOI name only):
File ‘productivity_measures.Rd’:
http://dx.doi.org/10.18419/opus-2556
File ‘zipfR_package.Rd’:
http://dx.doi.org/10.18419/opus-2556
Flavors: r-devel-linux-x86_64-debian-clang, r-devel-linux-x86_64-debian-gcc