Last updated on 2024-07-27 01:53:28 CEST.
Flavor | Version | Tinstall | Tcheck | Ttotal | Status | Flags |
---|---|---|---|---|---|---|
r-devel-linux-x86_64-debian-clang | 0.2.3 | 2.03 | 38.21 | 40.24 | OK | |
r-devel-linux-x86_64-debian-gcc | 0.2.3 | 1.65 | 28.81 | 30.46 | OK | |
r-devel-linux-x86_64-fedora-clang | 0.2.3 | 51.76 | NOTE | |||
r-devel-linux-x86_64-fedora-gcc | 0.2.3 | 61.39 | OK | |||
r-devel-windows-x86_64 | 0.2.3 | 3.00 | 57.00 | 60.00 | OK | |
r-patched-linux-x86_64 | 0.2.3 | OK | ||||
r-release-linux-x86_64 | 0.2.3 | 2.39 | 36.04 | 38.43 | OK | |
r-release-macos-arm64 | 0.2.3 | 24.00 | OK | |||
r-release-macos-x86_64 | 0.2.3 | 38.00 | OK | |||
r-release-windows-x86_64 | 0.2.3 | 3.00 | 58.00 | 61.00 | OK | |
r-oldrel-macos-arm64 | 0.2.3 | 28.00 | OK | |||
r-oldrel-macos-x86_64 | 0.2.3 | 58.00 | OK | |||
r-oldrel-windows-x86_64 | 0.2.3 | 4.00 | 59.00 | 63.00 | OK |
Version: 0.2.3
Check: Rd cross-references
Result: NOTE
Undeclared package ‘rlang’ in Rd xrefs
Flavor: r-devel-linux-x86_64-fedora-clang