Last updated on 2024-07-27 01:53:28 CEST.
Flavor | Version | Tinstall | Tcheck | Ttotal | Status | Flags |
---|---|---|---|---|---|---|
r-devel-linux-x86_64-debian-clang | 1.6 | 11.76 | 65.20 | 76.96 | OK | |
r-devel-linux-x86_64-debian-gcc | 1.6 | 8.89 | 47.71 | 56.60 | NOTE | |
r-devel-linux-x86_64-fedora-clang | 1.6 | 97.23 | OK | |||
r-devel-linux-x86_64-fedora-gcc | 1.6 | 88.71 | OK | |||
r-devel-windows-x86_64 | 1.6 | 12.00 | 70.00 | 82.00 | NOTE | |
r-patched-linux-x86_64 | 1.6 | OK | ||||
r-release-linux-x86_64 | 1.6 | 9.19 | 60.53 | 69.72 | OK | |
r-release-macos-arm64 | 1.6 | 26.00 | OK | |||
r-release-macos-x86_64 | 1.6 | 40.00 | OK | |||
r-release-windows-x86_64 | 1.6 | 11.00 | 67.00 | 78.00 | OK | |
r-oldrel-macos-arm64 | 1.6 | 28.00 | OK | |||
r-oldrel-macos-x86_64 | 1.6 | 77.00 | OK | |||
r-oldrel-windows-x86_64 | 1.6 | 13.00 | 77.00 | 90.00 | OK |
Version: 1.6
Check: Rd cross-references
Result: NOTE
Found the following Rd file(s) with Rd \link{} targets missing package
anchors:
zoib.Rd: Formula
Please provide package anchors for all Rd \link{} targets not in the
package itself and the base packages.
Flavors: r-devel-linux-x86_64-debian-gcc, r-devel-windows-x86_64