Last updated on 2024-07-27 01:53:28 CEST.
Flavor | Version | Tinstall | Tcheck | Ttotal | Status | Flags |
---|---|---|---|---|---|---|
r-devel-linux-x86_64-debian-clang | 0.2.3 | 14.08 | 104.19 | 118.27 | NOTE | |
r-devel-linux-x86_64-debian-gcc | 0.2.3 | 10.37 | 89.18 | 99.55 | NOTE | |
r-devel-linux-x86_64-fedora-clang | 0.2.3 | 185.35 | NOTE | |||
r-devel-linux-x86_64-fedora-gcc | 0.2.3 | 147.56 | NOTE | |||
r-devel-windows-x86_64 | 0.2.3 | 12.00 | 123.00 | 135.00 | NOTE | |
r-patched-linux-x86_64 | 0.2.3 | NOTE | ||||
r-release-linux-x86_64 | 0.2.3 | 7.47 | 101.17 | 108.64 | NOTE | |
r-release-macos-arm64 | 0.2.3 | 60.00 | NOTE | |||
r-release-macos-x86_64 | 0.2.3 | 90.00 | NOTE | |||
r-release-windows-x86_64 | 0.2.3 | 12.00 | 123.00 | 135.00 | NOTE | |
r-oldrel-macos-arm64 | 0.2.3 | 55.00 | OK | |||
r-oldrel-macos-x86_64 | 0.2.3 | 102.00 | OK | |||
r-oldrel-windows-x86_64 | 0.2.3 | 15.00 | 140.00 | 155.00 | OK |
Version: 0.2.3
Check: Rd files
Result: NOTE
checkRd: (-1) update_ztable.Rd:75: Lost braces; missing escapes or markup?
75 | must be NULL or contain only elements of {"h","t","b","p","!","H"}.}
| ^
checkRd: (-1) ztable_sub.Rd:78: Lost braces; missing escapes or markup?
78 | must be NULL or contain only elements of {"h","t","b","p","!","H"}.
| ^
Flavors: r-devel-linux-x86_64-debian-clang, r-devel-linux-x86_64-debian-gcc, r-devel-linux-x86_64-fedora-clang, r-devel-linux-x86_64-fedora-gcc, r-devel-windows-x86_64, r-patched-linux-x86_64, r-release-linux-x86_64, r-release-macos-arm64, r-release-macos-x86_64, r-release-windows-x86_64