Last updated on 2024-05-21 02:01:54 CEST.
Flavor | Version | Tinstall | Tcheck | Ttotal | Status | Flags |
---|---|---|---|---|---|---|
r-devel-linux-x86_64-debian-clang | 1.9.0 | 128.30 | 306.02 | 434.32 | OK | |
r-devel-linux-x86_64-debian-gcc | 1.9.0 | 92.60 | 195.52 | 288.12 | OK | |
r-devel-linux-x86_64-fedora-clang | 1.9.0 | 538.26 | OK | |||
r-devel-linux-x86_64-fedora-gcc | 1.9.0 | 549.69 | OK | |||
r-devel-windows-x86_64 | 1.9.0 | 90.00 | 302.00 | 392.00 | OK | |
r-patched-linux-x86_64 | 1.9.0 | 113.93 | 261.92 | 375.85 | OK | |
r-release-linux-x86_64 | 1.9.0 | 114.28 | 262.98 | 377.26 | OK | |
r-release-macos-arm64 | 1.9.0 | 111.00 | NOTE | |||
r-release-windows-x86_64 | 1.9.0 | 86.00 | 281.00 | 367.00 | OK | |
r-oldrel-macos-arm64 | 1.9.0 | 116.00 | NOTE | |||
r-oldrel-macos-x86_64 | 1.9.0 | 358.00 | NOTE | |||
r-oldrel-windows-x86_64 | 1.9.0 | 111.00 | 405.00 | 516.00 | OK |
Version: 1.9.0
Check: installed package size
Result: NOTE
installed size is 7.5Mb
sub-directories of 1Mb or more:
doc 1.7Mb
libs 5.5Mb
Flavors: r-release-macos-arm64, r-oldrel-macos-arm64, r-oldrel-macos-x86_64