Last updated on 2025-05-17 01:50:56 CEST.
Flavor | Version | Tinstall | Tcheck | Ttotal | Status | Flags |
---|---|---|---|---|---|---|
r-devel-linux-x86_64-debian-clang | 0.1.3 | 4.06 | 58.51 | 62.57 | NOTE | |
r-devel-linux-x86_64-debian-gcc | 0.1.3 | 2.38 | 43.35 | 45.73 | NOTE | |
r-devel-linux-x86_64-fedora-clang | 0.1.3 | 99.02 | NOTE | |||
r-devel-linux-x86_64-fedora-gcc | 0.1.3 | 107.74 | NOTE | |||
r-devel-windows-x86_64 | 0.1.3 | 7.00 | 79.00 | 86.00 | NOTE | |
r-patched-linux-x86_64 | 0.1.3 | 4.27 | 53.98 | 58.25 | NOTE | |
r-release-linux-x86_64 | 0.1.3 | 4.04 | 54.18 | 58.22 | NOTE | |
r-release-macos-arm64 | 0.1.3 | 41.00 | NOTE | |||
r-release-macos-x86_64 | 0.1.3 | 74.00 | NOTE | |||
r-release-windows-x86_64 | 0.1.3 | 6.00 | 78.00 | 84.00 | NOTE | |
r-oldrel-macos-arm64 | 0.1.3 | 40.00 | OK | |||
r-oldrel-macos-x86_64 | 0.1.3 | 67.00 | OK | |||
r-oldrel-windows-x86_64 | 0.1.3 | 8.00 | 90.00 | 98.00 | OK |
Version: 0.1.3
Check: DESCRIPTION meta-information
Result: NOTE
Missing dependency on R >= 4.1.0 because package code uses the pipe
|> or function shorthand \(...) syntax added in R 4.1.0.
File(s) using such syntax:
‘ANOFA-contrastFrequencies.R’ ‘ANOFA-emFrequencies.R’
Flavors: r-devel-linux-x86_64-debian-clang, r-devel-linux-x86_64-debian-gcc, r-devel-linux-x86_64-fedora-clang, r-devel-linux-x86_64-fedora-gcc, r-devel-windows-x86_64, r-patched-linux-x86_64, r-release-linux-x86_64, r-release-macos-arm64, r-release-macos-x86_64, r-release-windows-x86_64