Last updated on 2025-02-16 02:51:13 CET.
Flavor | Version | Tinstall | Tcheck | Ttotal | Status | Flags |
---|---|---|---|---|---|---|
r-devel-linux-x86_64-debian-clang | 1.2.4 | 54.12 | 244.68 | 298.80 | OK | |
r-devel-linux-x86_64-debian-gcc | 1.2.4 | 38.76 | 161.54 | 200.30 | OK | |
r-devel-linux-x86_64-fedora-clang | 1.2.4 | 524.82 | OK | |||
r-devel-linux-x86_64-fedora-gcc | 1.2.4 | 479.19 | OK | |||
r-devel-macos-arm64 | 1.2.4 | 157.00 | OK | |||
r-devel-macos-x86_64 | 1.2.4 | 227.00 | OK | |||
r-devel-windows-x86_64 | 1.2.4 | 55.00 | 240.00 | 295.00 | OK | |
r-patched-linux-x86_64 | 1.2.4 | 56.98 | 226.96 | 283.94 | OK | |
r-release-linux-x86_64 | 1.2.4 | 53.33 | 230.35 | 283.68 | OK | |
r-release-macos-arm64 | 1.2.4 | 134.00 | NOTE | |||
r-release-macos-x86_64 | 1.2.4 | 194.00 | NOTE | |||
r-release-windows-x86_64 | 1.2.4 | 50.00 | 237.00 | 287.00 | OK | |
r-oldrel-macos-arm64 | 1.2.4 | 169.00 | NOTE | |||
r-oldrel-macos-x86_64 | 1.2.4 | 218.00 | NOTE | |||
r-oldrel-windows-x86_64 | 1.2.4 | 72.00 | 316.00 | 388.00 | OK |
Version: 1.2.4
Check: installed package size
Result: NOTE
installed size is 5.4Mb
sub-directories of 1Mb or more:
help 1.1Mb
libs 3.2Mb
Flavors: r-release-macos-arm64, r-release-macos-x86_64, r-oldrel-macos-arm64, r-oldrel-macos-x86_64