Last updated on 2025-10-31 01:48:50 CET.
| Flavor | Version | Tinstall | Tcheck | Ttotal | Status | Flags | 
|---|---|---|---|---|---|---|
| r-devel-linux-x86_64-debian-clang | 1.2.2 | 2.59 | 27.43 | 30.02 | NOTE | |
| r-devel-linux-x86_64-debian-gcc | 1.2.2 | 1.93 | 21.78 | 23.71 | NOTE | |
| r-devel-linux-x86_64-fedora-clang | 1.2.2 | 43.70 | OK | |||
| r-devel-linux-x86_64-fedora-gcc | 1.2.2 | 41.78 | OK | |||
| r-devel-windows-x86_64 | 1.2.2 | 4.00 | 46.00 | 50.00 | OK | |
| r-patched-linux-x86_64 | 1.2.2 | 2.21 | 25.51 | 27.72 | OK | |
| r-release-linux-x86_64 | 1.2.2 | 2.15 | 25.49 | 27.64 | OK | |
| r-release-macos-arm64 | 1.2.2 | 1.00 | 16.00 | 17.00 | OK | |
| r-release-macos-x86_64 | 1.2.2 | 2.00 | 26.00 | 28.00 | OK | |
| r-release-windows-x86_64 | 1.2.2 | 4.00 | 47.00 | 51.00 | OK | |
| r-oldrel-macos-arm64 | 1.2.2 | 1.00 | 20.00 | 21.00 | OK | |
| r-oldrel-macos-x86_64 | 1.2.2 | 2.00 | 23.00 | 25.00 | OK | |
| r-oldrel-windows-x86_64 | 1.2.2 | 4.00 | 54.00 | 58.00 | OK | 
Version: 1.2.2
Check: CRAN incoming feasibility
Result: NOTE
  Maintainer: ‘Gokmen Altay <altaylabs@gmail.com>’
  
  No Authors@R field in DESCRIPTION.
  Please add one, modifying
    Authors@R: person(given = "Gokmen",
                      family = "Altay",
                      role = c("aut", "cre"),
                      email = "altaylabs@gmail.com")
  as necessary.
Flavors: r-devel-linux-x86_64-debian-clang, r-devel-linux-x86_64-debian-gcc