Last updated on 2025-05-01 01:49:24 CEST.
Flavor | Version | Tinstall | Tcheck | Ttotal | Status | Flags |
---|---|---|---|---|---|---|
r-devel-linux-x86_64-debian-clang | 0.1.2 | 26.13 | 99.96 | 126.09 | NOTE | |
r-devel-linux-x86_64-debian-gcc | 0.1.2 | 15.61 | 73.60 | 89.21 | OK | |
r-devel-linux-x86_64-fedora-clang | 0.1.2 | 192.91 | OK | |||
r-devel-linux-x86_64-fedora-gcc | 0.1.2 | 214.17 | OK | |||
r-devel-windows-x86_64 | 0.1.2 | 29.00 | 133.00 | 162.00 | OK | |
r-patched-linux-x86_64 | 0.1.2 | 21.84 | 93.47 | 115.31 | OK | |
r-release-linux-x86_64 | 0.1.2 | 23.84 | 94.42 | 118.26 | OK | |
r-release-macos-arm64 | 0.1.2 | 60.00 | OK | |||
r-release-macos-x86_64 | 0.1.2 | 117.00 | OK | |||
r-release-windows-x86_64 | 0.1.2 | 29.00 | 134.00 | 163.00 | OK | |
r-oldrel-macos-arm64 | 0.1.2 | 67.00 | OK | |||
r-oldrel-macos-x86_64 | 0.1.2 | 93.00 | OK | |||
r-oldrel-windows-x86_64 | 0.1.2 | 33.00 | 187.00 | 220.00 | OK |
Version: 0.1.2
Check: examples
Result: NOTE
Examples with CPU (user + system) or elapsed time > 5s
user system elapsed
inspect 4.519 0.028 5.551
Flavor: r-devel-linux-x86_64-debian-clang