Last updated on 2025-10-31 01:48:50 CET.
| Flavor | Version | Tinstall | Tcheck | Ttotal | Status | Flags | 
|---|---|---|---|---|---|---|
| r-devel-linux-x86_64-debian-clang | 2.0.1 | 16.28 | 310.32 | 326.60 | NOTE | |
| r-devel-linux-x86_64-debian-gcc | 2.0.1 | 10.26 | 191.44 | 201.70 | NOTE | |
| r-devel-linux-x86_64-fedora-clang | 2.0.1 | 40.00 | 472.54 | 512.54 | NOTE | |
| r-devel-linux-x86_64-fedora-gcc | 2.0.1 | 61.00 | 465.87 | 526.87 | NOTE | |
| r-devel-windows-x86_64 | 2.0.1 | 16.00 | 273.00 | 289.00 | OK | |
| r-patched-linux-x86_64 | 2.0.1 | 16.50 | 347.43 | 363.93 | NOTE | |
| r-release-linux-x86_64 | 2.0.1 | 13.87 | 349.50 | 363.37 | NOTE | |
| r-release-macos-arm64 | 2.0.1 | 5.00 | 129.00 | 134.00 | OK | |
| r-release-macos-x86_64 | 2.0.1 | 9.00 | 278.00 | 287.00 | OK | |
| r-release-windows-x86_64 | 2.0.1 | 17.00 | 350.00 | 367.00 | OK | |
| r-oldrel-macos-arm64 | 2.0.1 | 5.00 | 132.00 | 137.00 | OK | |
| r-oldrel-macos-x86_64 | 2.0.1 | 9.00 | 215.00 | 224.00 | OK | |
| r-oldrel-windows-x86_64 | 2.0.1 | 24.00 | 475.00 | 499.00 | OK | 
Version: 2.0.1
Check: CRAN incoming feasibility
Result: NOTE
  Maintainer: ‘"Jose Oteros" <OterosJose@gmail.com>’
  
  No Authors@R field in DESCRIPTION.
  Please add one, modifying
    Authors@R: c(person(given = "Jesus",
                        family = "Rojo",
                        role = "aut",
                        email = "Jesus.Rojo@uclm.es"),
                 person(given = "Antonio",
                        family = "Picornell",
                        role = "aut",
                        email = "picornell@uma.es"),
                 person(given = "Jose",
                        family = "Oteros",
                        role = "aut",
                        email = "OterosJose@gmail.com"),
                 person(given = "\"Jose",
                        family = "Oteros\"",
                        role = "cre",
                        email = "OterosJose@gmail.com"))
  as necessary.
  
  Package CITATION file contains call(s) to old-style personList() or
  as.personList().  Please use c() on person objects instead.
  Package CITATION file contains call(s) to old-style citEntry().  Please
  use bibentry() instead.
Flavors: r-devel-linux-x86_64-debian-clang, r-devel-linux-x86_64-debian-gcc
Version: 2.0.1
Check: for non-standard things in the check directory
Result: NOTE
  Found the following files/directories:
    ‘table_AeRobiology’
Flavors: r-devel-linux-x86_64-debian-clang, r-devel-linux-x86_64-debian-gcc, r-devel-linux-x86_64-fedora-clang, r-devel-linux-x86_64-fedora-gcc, r-patched-linux-x86_64, r-release-linux-x86_64