Last updated on 2024-05-21 02:01:54 CEST.
Flavor | Version | Tinstall | Tcheck | Ttotal | Status | Flags |
---|---|---|---|---|---|---|
r-devel-linux-x86_64-debian-clang | 0.1.7 | 15.59 | 80.50 | 96.09 | OK | |
r-devel-linux-x86_64-debian-gcc | 0.1.7 | 12.87 | 61.43 | 74.30 | OK | |
r-devel-linux-x86_64-fedora-clang | 0.1.7 | 129.47 | OK | |||
r-devel-linux-x86_64-fedora-gcc | 0.1.7 | 122.29 | OK | |||
r-devel-windows-x86_64 | 0.1.7 | 17.00 | 84.00 | 101.00 | OK | |
r-patched-linux-x86_64 | 0.1.7 | 15.36 | 77.80 | 93.16 | OK | |
r-release-linux-x86_64 | 0.1.7 | 15.28 | 79.62 | 94.90 | OK | |
r-release-macos-arm64 | 0.1.7 | 42.00 | OK | |||
r-release-macos-x86_64 | 0.1.7 | 70.00 | OK | |||
r-release-windows-x86_64 | 0.1.7 | 16.00 | 79.00 | 95.00 | OK | |
r-oldrel-macos-arm64 | 0.1.7 | 47.00 | NOTE | |||
r-oldrel-macos-x86_64 | 0.1.7 | 66.00 | OK | |||
r-oldrel-windows-x86_64 | 0.1.7 | 21.00 | 96.00 | 117.00 | OK |
Version: 0.1.7
Check: package dependencies
Result: NOTE
Package suggested but not available for checking: ‘GEOquery’
Flavor: r-oldrel-macos-arm64