Last updated on 2025-11-15 03:50:02 CET.
| Flavor | Version | Tinstall | Tcheck | Ttotal | Status | Flags |
|---|---|---|---|---|---|---|
| r-devel-linux-x86_64-debian-clang | 1.0.2 | 5.42 | 93.01 | 98.43 | OK | |
| r-devel-linux-x86_64-debian-gcc | 1.0.2 | 3.57 | 68.63 | 72.20 | OK | |
| r-devel-linux-x86_64-fedora-clang | 1.0.2 | 12.00 | 229.86 | 241.86 | OK | |
| r-devel-linux-x86_64-fedora-gcc | 1.0.2 | 10.00 | 84.57 | 94.57 | OK | |
| r-devel-windows-x86_64 | 1.0.2 | 11.00 | 61451.00 | 61462.00 | OK | |
| r-patched-linux-x86_64 | 1.0.2 | 4.45 | 0.02 | 4.47 | FAIL | |
| r-release-linux-x86_64 | 1.0.2 | 4.73 | 47.10 | 51.83 | OK | |
| r-release-macos-arm64 | 1.0.2 | 3.00 | 37.00 | 40.00 | OK | |
| r-release-macos-x86_64 | 1.0.2 | 5.00 | 184.00 | 189.00 | OK | |
| r-release-windows-x86_64 | 1.0.2 | 8.00 | 1032.00 | 1040.00 | OK | |
| r-oldrel-macos-arm64 | 1.0.2 | 2.00 | 49.00 | 51.00 | OK | |
| r-oldrel-macos-x86_64 | 1.0.2 | 4.00 | 61.00 | 65.00 | OK | |
| r-oldrel-windows-x86_64 | 1.0.2 | 10.00 | 84.00 | 94.00 | OK |
Version: 1.0.2
Check: tests
Result: FAIL
Flavor: r-patched-linux-x86_64