Last updated on 2025-01-12 02:48:19 CET.
Flavor | Version | Tinstall | Tcheck | Ttotal | Status | Flags |
---|---|---|---|---|---|---|
r-devel-linux-x86_64-debian-clang | 0.1.3 | 30.42 | 70.58 | 101.00 | NOTE | |
r-devel-linux-x86_64-debian-gcc | 0.1.3 | 23.25 | 51.95 | 75.20 | NOTE | |
r-devel-linux-x86_64-fedora-clang | 0.1.3 | 175.89 | NOTE | |||
r-devel-linux-x86_64-fedora-gcc | 0.1.3 | 283.22 | NOTE | |||
r-devel-windows-x86_64 | 0.1.3 | 32.00 | 98.00 | 130.00 | NOTE | |
r-patched-linux-x86_64 | 0.1.3 | 31.76 | 66.59 | 98.35 | NOTE | |
r-release-linux-x86_64 | 0.1.3 | 31.59 | 66.52 | 98.11 | NOTE | |
r-release-macos-arm64 | 0.1.3 | 82.00 | NOTE | |||
r-release-macos-x86_64 | 0.1.3 | 177.00 | NOTE | |||
r-release-windows-x86_64 | 0.1.3 | 31.00 | 96.00 | 127.00 | NOTE | |
r-oldrel-macos-arm64 | 0.1.3 | 84.00 | NOTE | |||
r-oldrel-macos-x86_64 | 0.1.3 | 138.00 | NOTE | |||
r-oldrel-windows-x86_64 | 0.1.3 | 41.00 | 116.00 | 157.00 | NOTE |
Version: 0.1.3
Check: C++ specification
Result: NOTE
Specified C++11: please drop specification unless essential
Flavors: r-devel-linux-x86_64-debian-clang, r-devel-linux-x86_64-debian-gcc, r-devel-linux-x86_64-fedora-clang, r-devel-linux-x86_64-fedora-gcc, r-devel-windows-x86_64, r-patched-linux-x86_64, r-release-linux-x86_64, r-release-macos-arm64, r-release-macos-x86_64, r-release-windows-x86_64, r-oldrel-macos-arm64, r-oldrel-macos-x86_64, r-oldrel-windows-x86_64