Last updated on 2025-05-09 01:49:59 CEST.
Flavor | Version | Tinstall | Tcheck | Ttotal | Status | Flags |
---|---|---|---|---|---|---|
r-devel-linux-x86_64-debian-clang | 0.2.4 | 2.69 | 24.69 | 27.38 | NOTE | |
r-devel-linux-x86_64-debian-gcc | 0.2.4 | 1.86 | 19.48 | 21.34 | NOTE | |
r-devel-linux-x86_64-fedora-clang | 0.2.4 | 42.62 | OK | |||
r-devel-linux-x86_64-fedora-gcc | 0.2.4 | 40.65 | OK | |||
r-devel-windows-x86_64 | 0.2.4 | 4.00 | 48.00 | 52.00 | OK | |
r-patched-linux-x86_64 | 0.2.4 | 2.46 | 23.35 | 25.81 | OK | |
r-release-linux-x86_64 | 0.2.4 | 2.54 | 23.59 | 26.13 | OK | |
r-release-macos-arm64 | 0.2.4 | 20.00 | OK | |||
r-release-macos-x86_64 | 0.2.4 | 28.00 | OK | |||
r-release-windows-x86_64 | 0.2.4 | 4.00 | 50.00 | 54.00 | OK | |
r-oldrel-macos-arm64 | 0.2.4 | 18.00 | OK | |||
r-oldrel-macos-x86_64 | 0.2.4 | 28.00 | OK | |||
r-oldrel-windows-x86_64 | 0.2.4 | 4.00 | 54.00 | 58.00 | OK |
Version: 0.2.4
Check: CRAN incoming feasibility
Result: NOTE
Maintainer: ‘Kyun-Seop Bae <k@acr.kr>’
No Authors@R field in DESCRIPTION.
Please add one, modifying
Authors@R: person(given = "Kyun-Seop",
family = "Bae",
role = c("aut", "cre"),
email = "k@acr.kr")
as necessary.
Flavors: r-devel-linux-x86_64-debian-clang, r-devel-linux-x86_64-debian-gcc