Last updated on 2025-11-16 01:49:09 CET.
| Flavor | Version | Tinstall | Tcheck | Ttotal | Status | Flags |
|---|---|---|---|---|---|---|
| r-devel-linux-x86_64-debian-clang | 2.2.3 | 60.35 | 138.13 | 198.48 | NOTE | |
| r-devel-linux-x86_64-debian-gcc | 2.2.3 | 66.80 | 107.50 | 174.30 | NOTE | |
| r-devel-linux-x86_64-fedora-clang | 2.2.3 | 117.00 | 183.28 | 300.28 | OK | |
| r-devel-linux-x86_64-fedora-gcc | 2.2.3 | 293.00 | 86.97 | 379.97 | OK | |
| r-devel-windows-x86_64 | 2.2.3 | 93.00 | 154.00 | 247.00 | OK | |
| r-patched-linux-x86_64 | 2.2.3 | 89.21 | 134.97 | 224.18 | OK | |
| r-release-linux-x86_64 | 2.2.3 | 80.86 | 137.60 | 218.46 | OK | |
| r-release-macos-arm64 | 2.2.3 | 57.00 | 174.00 | 231.00 | OK | |
| r-release-macos-x86_64 | 2.2.3 | 45.00 | 109.00 | 154.00 | OK | |
| r-release-windows-x86_64 | 2.2.3 | 78.00 | 132.00 | 210.00 | OK | |
| r-oldrel-macos-arm64 | 2.2.3 | 34.00 | 78.00 | 112.00 | NOTE | |
| r-oldrel-macos-x86_64 | 2.2.3 | 42.00 | 89.00 | 131.00 | NOTE | |
| r-oldrel-windows-x86_64 | 2.2.3 | 104.00 | 167.00 | 271.00 | OK |
Version: 2.2.3
Check: CRAN incoming feasibility
Result: NOTE
Maintainer: ‘Georgios Papageorgiou <gpapageo@gmail.com>’
No Authors@R field in DESCRIPTION.
Please add one, modifying
Authors@R: person(given = "Georgios",
family = "Papageorgiou",
role = c("aut", "cre"),
email = "gpapageo@gmail.com")
as necessary.
Flavors: r-devel-linux-x86_64-debian-clang, r-devel-linux-x86_64-debian-gcc
Version: 2.2.3
Check: installed package size
Result: NOTE
installed size is 5.2Mb
sub-directories of 1Mb or more:
libs 4.7Mb
Flavors: r-oldrel-macos-arm64, r-oldrel-macos-x86_64