Last updated on 2025-04-30 01:50:12 CEST.
Flavor | Version | Tinstall | Tcheck | Ttotal | Status | Flags |
---|---|---|---|---|---|---|
r-devel-linux-x86_64-debian-clang | 0.1.1 | 7.20 | 58.82 | 66.02 | OK | |
r-devel-linux-x86_64-debian-gcc | 0.1.1 | 4.82 | 41.20 | 46.02 | OK | |
r-devel-linux-x86_64-fedora-clang | 0.1.1 | 90.11 | OK | |||
r-devel-linux-x86_64-fedora-gcc | 0.1.1 | 89.88 | OK | |||
r-devel-windows-x86_64 | 0.1.1 | 8.00 | 73.00 | 81.00 | OK | |
r-patched-linux-x86_64 | 0.1.1 | 6.87 | 54.15 | 61.02 | OK | |
r-release-linux-x86_64 | 0.1.1 | 6.46 | 54.30 | 60.76 | OK | |
r-release-macos-arm64 | 0.1.1 | 42.00 | OK | |||
r-release-macos-x86_64 | 0.1.1 | 81.00 | OK | |||
r-release-windows-x86_64 | 0.1.1 | 8.00 | 76.00 | 84.00 | OK | |
r-oldrel-macos-arm64 | 0.1.1 | 29.00 | NOTE | |||
r-oldrel-macos-x86_64 | 0.1.1 | 43.00 | NOTE | |||
r-oldrel-windows-x86_64 | 0.1.1 | 10.00 | 83.00 | 93.00 | NOTE |
Version: 0.1.1
Check: LazyData
Result: NOTE
'LazyData' is specified without a 'data' directory
Flavors: r-oldrel-macos-arm64, r-oldrel-macos-x86_64, r-oldrel-windows-x86_64