Last updated on 2024-05-21 02:01:55 CEST.
Flavor | Version | Tinstall | Tcheck | Ttotal | Status | Flags |
---|---|---|---|---|---|---|
r-devel-linux-x86_64-debian-clang | 0.0.3 | 196.60 | 61.49 | 258.09 | NOTE | |
r-devel-linux-x86_64-debian-gcc | 0.0.3 | 141.98 | 47.04 | 189.02 | NOTE | |
r-devel-linux-x86_64-fedora-clang | 0.0.3 | 358.58 | NOTE | |||
r-devel-linux-x86_64-fedora-gcc | 0.0.3 | 388.22 | NOTE | |||
r-devel-windows-x86_64 | 0.0.3 | 140.00 | 90.00 | 230.00 | NOTE | |
r-patched-linux-x86_64 | 0.0.3 | 186.40 | 60.57 | 246.97 | NOTE | |
r-release-linux-x86_64 | 0.0.3 | 181.15 | 60.66 | 241.81 | NOTE | |
r-release-macos-arm64 | 0.0.3 | 80.00 | NOTE | |||
r-release-windows-x86_64 | 0.0.3 | 138.00 | 99.00 | 237.00 | NOTE | |
r-oldrel-macos-arm64 | 0.0.3 | 116.00 | NOTE | |||
r-oldrel-macos-x86_64 | 0.0.3 | 105.00 | NOTE | |||
r-oldrel-windows-x86_64 | 0.0.3 | 170.00 | 110.00 | 280.00 | OK |
Version: 0.0.3
Check: Rd files
Result: NOTE
checkRd: (-1) GroupSingleVoxelFETS.Rd:53: Lost braces
53 | online trajectories related to the state parameter, the simulated BOLD responses, \mjseqn{\hat{Y}}{ascii}.
| ^
Flavors: r-devel-linux-x86_64-debian-clang, r-devel-linux-x86_64-debian-gcc, r-devel-linux-x86_64-fedora-clang, r-devel-linux-x86_64-fedora-gcc, r-devel-windows-x86_64, r-patched-linux-x86_64, r-release-linux-x86_64, r-release-macos-arm64, r-release-windows-x86_64
Version: 0.0.3
Check: installed package size
Result: NOTE
installed size is 7.8Mb
sub-directories of 1Mb or more:
data 1.2Mb
libs 6.2Mb
Flavors: r-release-macos-arm64, r-oldrel-macos-arm64, r-oldrel-macos-x86_64