Last updated on 2024-05-21 02:01:56 CEST.
Flavor | Version | Tinstall | Tcheck | Ttotal | Status | Flags |
---|---|---|---|---|---|---|
r-devel-linux-x86_64-debian-clang | 0.4.5 | 10.75 | 92.67 | 103.42 | NOTE | |
r-devel-linux-x86_64-debian-gcc | 0.4.5 | 7.85 | 67.75 | 75.60 | NOTE | |
r-devel-linux-x86_64-fedora-clang | 0.4.5 | 124.11 | NOTE | |||
r-devel-linux-x86_64-fedora-gcc | 0.4.5 | 117.73 | NOTE | |||
r-devel-windows-x86_64 | 0.4.5 | 9.00 | 84.00 | 93.00 | NOTE | |
r-patched-linux-x86_64 | 0.4.5 | 12.00 | 88.24 | 100.24 | NOTE | |
r-release-linux-x86_64 | 0.4.5 | 7.63 | 87.27 | 94.90 | NOTE | |
r-release-macos-arm64 | 0.4.5 | 38.00 | NOTE | |||
r-release-windows-x86_64 | 0.4.5 | 10.00 | 85.00 | 95.00 | NOTE | |
r-oldrel-macos-arm64 | 0.4.5 | 44.00 | OK | |||
r-oldrel-macos-x86_64 | 0.4.5 | 67.00 | OK | |||
r-oldrel-windows-x86_64 | 0.4.5 | 11.00 | 96.00 | 107.00 | OK |
Version: 0.4.5
Check: Rd files
Result: NOTE
checkRd: (-1) ROC.Rd:55: Lost braces in \enumerate; \value handles \item{}{} directly
checkRd: (-1) ROC.Rd:56: Lost braces in \enumerate; \value handles \item{}{} directly
checkRd: (-1) ROC.Rd:57: Lost braces in \enumerate; \value handles \item{}{} directly
checkRd: (-1) ROC.Rd:58: Lost braces in \enumerate; \value handles \item{}{} directly
Flavors: r-devel-linux-x86_64-debian-clang, r-devel-linux-x86_64-debian-gcc, r-devel-linux-x86_64-fedora-clang, r-devel-linux-x86_64-fedora-gcc, r-devel-windows-x86_64, r-patched-linux-x86_64, r-release-linux-x86_64, r-release-macos-arm64, r-release-windows-x86_64