CRAN Package Check Results for Package Boruta

Last updated on 2025-05-01 01:49:26 CEST.

Flavor Version Tinstall Tcheck Ttotal Status Flags
r-devel-linux-x86_64-debian-clang 8.0.0 2.38 85.35 87.73 NOTE
r-devel-linux-x86_64-debian-gcc 8.0.0 1.73 70.25 71.98 NOTE
r-devel-linux-x86_64-fedora-clang 8.0.0 163.80 OK
r-devel-linux-x86_64-fedora-gcc 8.0.0 150.09 OK
r-devel-windows-x86_64 8.0.0 3.00 121.00 124.00 NOTE
r-patched-linux-x86_64 8.0.0 2.69 82.07 84.76 NOTE
r-release-linux-x86_64 8.0.0 2.36 80.67 83.03 NOTE
r-release-macos-arm64 8.0.0 64.00 OK
r-release-macos-x86_64 8.0.0 94.00 OK
r-release-windows-x86_64 8.0.0 4.00 123.00 127.00 NOTE
r-oldrel-macos-arm64 8.0.0 51.00 OK
r-oldrel-macos-x86_64 8.0.0 66.00 OK
r-oldrel-windows-x86_64 8.0.0 4.00 129.00 133.00 OK

Check Details

Version: 8.0.0
Check: CRAN incoming feasibility
Result: NOTE Maintainer: ‘Miron Bartosz Kursa <M.Kursa@icm.edu.pl>’ Package CITATION file contains call(s) to old-style personList() or as.personList(). Please use c() on person objects instead. Package CITATION file contains call(s) to old-style citEntry(). Please use bibentry() instead. Flavors: r-devel-linux-x86_64-debian-clang, r-devel-linux-x86_64-debian-gcc

Version: 8.0.0
Check: Rd cross-references
Result: NOTE Found the following Rd file(s) with Rd \link{} targets missing package anchors: getImpExtra.Rd: ranger getImpLegacyRf.Rd: ranger getImpRf.Rd: ranger Please provide package anchors for all Rd \link{} targets not in the package itself and the base packages. Flavors: r-devel-linux-x86_64-debian-clang, r-devel-linux-x86_64-debian-gcc, r-devel-windows-x86_64, r-patched-linux-x86_64, r-release-linux-x86_64, r-release-windows-x86_64

Version: 8.0.0
Check: examples
Result: NOTE Examples with CPU (user + system) or elapsed time > 5s user system elapsed getImpLegacyRf 7.158 0.141 9.058 Flavor: r-devel-linux-x86_64-debian-clang

Version: 8.0.0
Check: examples
Result: NA user system elapsed getImpLegacyRf 5.334 0.081 5.97 OK Flavor: r-devel-linux-x86_64-debian-gcc