Last updated on 2025-05-07 01:49:50 CEST.
Flavor | Version | Tinstall | Tcheck | Ttotal | Status | Flags |
---|---|---|---|---|---|---|
r-devel-linux-x86_64-debian-clang | 1.2 | 2.42 | 25.04 | 27.46 | NOTE | |
r-devel-linux-x86_64-debian-gcc | 1.2 | 1.90 | 20.04 | 21.94 | NOTE | |
r-devel-linux-x86_64-fedora-clang | 1.2 | 43.19 | OK | |||
r-devel-linux-x86_64-fedora-gcc | 1.2 | 42.21 | OK | |||
r-devel-windows-x86_64 | 1.2 | 4.00 | 45.00 | 49.00 | OK | |
r-patched-linux-x86_64 | 1.2 | 1.99 | 23.52 | 25.51 | OK | |
r-release-linux-x86_64 | 1.2 | 2.50 | 23.48 | 25.98 | OK | |
r-release-macos-arm64 | 1.2 | 19.00 | OK | |||
r-release-macos-x86_64 | 1.2 | 38.00 | OK | |||
r-release-windows-x86_64 | 1.2 | 4.00 | 46.00 | 50.00 | OK | |
r-oldrel-macos-arm64 | 1.2 | 23.00 | NOTE | |||
r-oldrel-macos-x86_64 | 1.2 | 23.00 | NOTE | |||
r-oldrel-windows-x86_64 | 1.2 | 5.00 | 50.00 | 55.00 | NOTE |
Version: 1.2
Check: CRAN incoming feasibility
Result: NOTE
Maintainer: ‘Santiago I. Hurtado <santih@carina.fcaglp.unlp.edu.ar>’
No Authors@R field in DESCRIPTION.
Please add one, modifying
Authors@R: person(given = c("Santiago", "I."),
family = "Hurtado",
role = c("cre", "aut"),
email = "santih@carina.fcaglp.unlp.edu.ar")
as necessary.
Package CITATION file contains call(s) to old-style citEntry(). Please
use bibentry() instead.
Flavors: r-devel-linux-x86_64-debian-clang, r-devel-linux-x86_64-debian-gcc
Version: 1.2
Check: LazyData
Result: NOTE
'LazyData' is specified without a 'data' directory
Flavors: r-oldrel-macos-arm64, r-oldrel-macos-x86_64, r-oldrel-windows-x86_64