Last updated on 2025-05-05 01:50:42 CEST.
Flavor | Version | Tinstall | Tcheck | Ttotal | Status | Flags |
---|---|---|---|---|---|---|
r-devel-linux-x86_64-debian-clang | 2.0.1 | 31.92 | 27.26 | 59.18 | NOTE | |
r-devel-linux-x86_64-debian-gcc | 2.0.1 | 24.91 | 21.35 | 46.26 | NOTE | |
r-devel-linux-x86_64-fedora-clang | 2.0.1 | 100.39 | NOTE | |||
r-devel-linux-x86_64-fedora-gcc | 2.0.1 | 118.32 | NOTE | |||
r-devel-windows-x86_64 | 2.0.1 | 40.00 | 68.00 | 108.00 | NOTE | |
r-patched-linux-x86_64 | 2.0.1 | 33.99 | 26.29 | 60.28 | NOTE | |
r-release-linux-x86_64 | 2.0.1 | 35.42 | 25.23 | 60.65 | NOTE | |
r-release-macos-arm64 | 2.0.1 | 32.00 | NOTE | |||
r-release-macos-x86_64 | 2.0.1 | 61.00 | NOTE | |||
r-release-windows-x86_64 | 2.0.1 | 39.00 | 72.00 | 111.00 | NOTE | |
r-oldrel-macos-arm64 | 2.0.1 | 32.00 | NOTE | |||
r-oldrel-macos-x86_64 | 2.0.1 | 42.00 | NOTE | |||
r-oldrel-windows-x86_64 | 2.0.1 | 47.00 | 80.00 | 127.00 | NOTE |
Version: 2.0.1
Check: CRAN incoming feasibility
Result: NOTE
Maintainer: ‘Jiwoong Kim <jwboys26@gmail.com>’
No Authors@R field in DESCRIPTION.
Please add one, modifying
Authors@R: person(given = "Jiwoong",
family = "Kim",
role = c("aut", "cre"),
email = "jwboys26atgmail.com")
as necessary.
Flavors: r-devel-linux-x86_64-debian-clang, r-devel-linux-x86_64-debian-gcc
Version: 2.0.1
Check: C++ specification
Result: NOTE
Specified C++11: please drop specification unless essential
Flavors: r-devel-linux-x86_64-debian-clang, r-devel-linux-x86_64-debian-gcc, r-devel-linux-x86_64-fedora-clang, r-devel-linux-x86_64-fedora-gcc, r-devel-windows-x86_64, r-patched-linux-x86_64, r-release-linux-x86_64, r-release-macos-arm64, r-release-macos-x86_64, r-release-windows-x86_64, r-oldrel-macos-arm64, r-oldrel-macos-x86_64, r-oldrel-windows-x86_64
Version: 2.0.1
Check: examples
Result: NOTE
Examples with CPU time > 2.5 times elapsed time
user system elapsed ratio
TrainBuddle 1.271 0.065 0.531 2.516
Flavor: r-devel-linux-x86_64-debian-clang