Last updated on 2025-05-05 01:50:42 CEST.
Flavor | Version | Tinstall | Tcheck | Ttotal | Status | Flags |
---|---|---|---|---|---|---|
r-devel-linux-x86_64-debian-clang | 1.3 | 2.75 | 21.46 | 24.21 | NOTE | |
r-devel-linux-x86_64-debian-gcc | 1.3 | 2.03 | 17.24 | 19.27 | NOTE | |
r-devel-linux-x86_64-fedora-clang | 1.3 | 37.72 | OK | |||
r-devel-linux-x86_64-fedora-gcc | 1.3 | 37.11 | OK | |||
r-devel-windows-x86_64 | 1.3 | 4.00 | 46.00 | 50.00 | OK | |
r-patched-linux-x86_64 | 1.3 | 3.11 | 20.52 | 23.63 | OK | |
r-release-linux-x86_64 | 1.3 | 2.58 | 20.46 | 23.04 | OK | |
r-release-macos-arm64 | 1.3 | 18.00 | OK | |||
r-release-macos-x86_64 | 1.3 | 26.00 | OK | |||
r-release-windows-x86_64 | 1.3 | 4.00 | 50.00 | 54.00 | OK | |
r-oldrel-macos-arm64 | 1.3 | 20.00 | OK | |||
r-oldrel-macos-x86_64 | 1.3 | 23.00 | OK | |||
r-oldrel-windows-x86_64 | 1.3 | 3.00 | 46.00 | 49.00 | OK |
Version: 1.3
Check: CRAN incoming feasibility
Result: NOTE
Maintainer: ‘Pat Burns <patrick@burns-stat.com>’
No Authors@R field in DESCRIPTION.
Please add one, modifying
Authors@R: c(person(given = "Burns",
family = "Statistics",
role = "aut"),
person(given = "Pat",
family = "Burns",
role = "cre",
email = "patrick@burns-stat.com"))
as necessary.
Flavors: r-devel-linux-x86_64-debian-clang, r-devel-linux-x86_64-debian-gcc