Last updated on 2025-11-16 01:49:10 CET.
| Flavor | Version | Tinstall | Tcheck | Ttotal | Status | Flags |
|---|---|---|---|---|---|---|
| r-devel-linux-x86_64-debian-clang | 1.0.20 | 7.51 | 65.92 | 73.43 | OK | |
| r-devel-linux-x86_64-debian-gcc | 1.0.20 | 5.05 | 48.47 | 53.52 | NOTE | |
| r-devel-linux-x86_64-fedora-clang | 1.0.20 | 50.00 | 73.14 | 123.14 | OK | |
| r-devel-linux-x86_64-fedora-gcc | 1.0.20 | 35.00 | 95.72 | 130.72 | OK | |
| r-devel-windows-x86_64 | 1.0.20 | 22.00 | 73.00 | 95.00 | OK | |
| r-patched-linux-x86_64 | 1.0.20 | 7.05 | 60.48 | 67.53 | OK | |
| r-release-linux-x86_64 | 1.0.20 | 6.64 | 61.41 | 68.05 | OK | |
| r-release-macos-arm64 | 1.0.20 | 6.00 | 58.00 | 64.00 | OK | |
| r-release-macos-x86_64 | 1.0.20 | 9.00 | 60.00 | 69.00 | OK | |
| r-release-windows-x86_64 | 1.0.20 | 11.00 | 74.00 | 85.00 | OK | |
| r-oldrel-macos-arm64 | 1.0.20 | 3.00 | 34.00 | 37.00 | OK | |
| r-oldrel-macos-x86_64 | 1.0.20 | 9.00 | 89.00 | 98.00 | OK | |
| r-oldrel-windows-x86_64 | 1.0.20 | 14.00 | 92.00 | 106.00 | OK |
Version: 1.0.20
Check: CRAN incoming feasibility
Result: NOTE
Maintainer: ‘Felipe Campelo <fcampelo@gmail.com>’
The BugReports field in DESCRIPTION has
https://github.com/fcampelo/CALANGO/issues/
which should likely be
https://github.com/fcampelo/CALANGO/issues/issues
instead.
Flavor: r-devel-linux-x86_64-debian-gcc