CRAN Package Check Results for Package CBT

Last updated on 2025-05-09 01:50:00 CEST.

Flavor Version Tinstall Tcheck Ttotal Status Flags
r-devel-linux-x86_64-debian-clang 1.0 1.76 20.46 22.22 NOTE
r-devel-linux-x86_64-debian-gcc 1.0 1.42 16.69 18.11 NOTE
r-devel-linux-x86_64-fedora-clang 1.0 35.61 OK
r-devel-linux-x86_64-fedora-gcc 1.0 34.92 OK
r-devel-windows-x86_64 1.0 4.00 36.00 40.00 OK
r-patched-linux-x86_64 1.0 1.81 19.44 21.25 OK
r-release-linux-x86_64 1.0 1.79 19.26 21.05 OK
r-release-macos-arm64 1.0 15.00 OK
r-release-macos-x86_64 1.0 27.00 OK
r-release-windows-x86_64 1.0 3.00 37.00 40.00 OK
r-oldrel-macos-arm64 1.0 25.00 OK
r-oldrel-macos-x86_64 1.0 30.00 OK
r-oldrel-windows-x86_64 1.0 3.00 36.00 39.00 OK

Check Details

Version: 1.0
Check: CRAN incoming feasibility
Result: NOTE Maintainer: ‘Shouri Hu <e0054325@u.nus.edu>’ No Authors@R field in DESCRIPTION. Please add one, modifying Authors@R: c(person(given = c("Hock", "Peng"), family = "Chan", role = "aut"), person(given = "Shouri", family = "Hu", role = c("aut", "cre"), email = "e0054325@u.nus.edu")) as necessary. The Description field contains and Shouri Hu (2018) <arXiv:1805.11793>. Please refer to arXiv e-prints via their arXiv DOI <doi:10.48550/arXiv.YYMM.NNNNN>. Flavors: r-devel-linux-x86_64-debian-clang, r-devel-linux-x86_64-debian-gcc