Last updated on 2025-10-24 01:50:21 CEST.
| Flavor | Version | Tinstall | Tcheck | Ttotal | Status | Flags |
|---|---|---|---|---|---|---|
| r-devel-linux-x86_64-debian-clang | 2.2.1 | 176.53 | 73.84 | 250.37 | OK | |
| r-devel-linux-x86_64-debian-gcc | 2.2.1 | 142.56 | 56.81 | 199.37 | OK | |
| r-devel-linux-x86_64-fedora-clang | 2.2.1 | 169.00 | 254.80 | 423.80 | OK | |
| r-devel-linux-x86_64-fedora-gcc | 2.2.1 | 210.00 | 291.33 | 501.33 | OK | |
| r-devel-windows-x86_64 | 2.2.1 | 205.00 | 120.00 | 325.00 | OK | |
| r-patched-linux-x86_64 | 2.2.1 | 196.32 | 78.01 | 274.33 | OK | |
| r-release-linux-x86_64 | 2.2.1 | 203.58 | 76.49 | 280.07 | OK | |
| r-release-macos-arm64 | 2.2.1 | 73.00 | 31.00 | 104.00 | OK | |
| r-release-macos-x86_64 | 2.2.1 | 74.00 | 64.00 | 138.00 | OK | |
| r-release-windows-x86_64 | 2.2.1 | 204.00 | 114.00 | 318.00 | OK | |
| r-oldrel-macos-arm64 | 2.2.1 | 76.00 | 38.00 | 114.00 | NOTE | |
| r-oldrel-macos-x86_64 | 2.2.1 | 71.00 | 87.00 | 158.00 | NOTE | |
| r-oldrel-windows-x86_64 | 2.2.1 | 239.00 | 145.00 | 384.00 | OK |
Version: 2.2.1
Check: installed package size
Result: NOTE
installed size is 24.5Mb
sub-directories of 1Mb or more:
libs 24.1Mb
Flavors: r-oldrel-macos-arm64, r-oldrel-macos-x86_64