Last updated on 2025-02-18 01:50:38 CET.
Flavor | Version | Tinstall | Tcheck | Ttotal | Status | Flags |
---|---|---|---|---|---|---|
r-devel-linux-x86_64-debian-clang | 2.1.0 | 19.16 | 307.49 | 326.65 | OK | |
r-devel-linux-x86_64-debian-gcc | 2.1.0 | 13.02 | 198.84 | 211.86 | OK | |
r-devel-linux-x86_64-fedora-clang | 2.1.0 | 539.82 | OK | |||
r-devel-linux-x86_64-fedora-gcc | 2.1.0 | 518.80 | OK | |||
r-devel-macos-arm64 | 2.1.0 | 162.00 | OK | |||
r-devel-macos-x86_64 | 2.1.0 | 391.00 | OK | |||
r-devel-windows-x86_64 | 2.1.0 | 21.00 | 466.00 | 487.00 | OK | |
r-patched-linux-x86_64 | 2.1.0 | 18.71 | 288.75 | 307.46 | OK | |
r-release-linux-x86_64 | 2.1.0 | 14.17 | 288.97 | 303.14 | OK | |
r-release-macos-arm64 | 2.1.0 | 171.00 | OK | |||
r-release-macos-x86_64 | 2.1.0 | 289.00 | NOTE | |||
r-release-windows-x86_64 | 2.1.0 | 24.00 | 462.00 | 486.00 | OK | |
r-oldrel-macos-arm64 | 2.1.0 | 179.00 | OK | |||
r-oldrel-macos-x86_64 | 2.1.0 | 618.00 | OK | |||
r-oldrel-windows-x86_64 | 2.1.0 | 27.00 | 527.00 | 554.00 | OK |
Version: 2.1.0
Check: installed package size
Result: NOTE
installed size is 5.0Mb
sub-directories of 1Mb or more:
doc 2.1Mb
Flavor: r-release-macos-x86_64