CRAN Package Check Results for Package CIMPLE

Last updated on 2025-04-30 01:50:14 CEST.

Flavor Version Tinstall Tcheck Ttotal Status Flags
r-devel-linux-x86_64-debian-clang 0.1.0 5.41 46.02 51.43 NOTE
r-devel-linux-x86_64-debian-gcc 0.1.0 4.18 33.10 37.28 NOTE
r-devel-linux-x86_64-fedora-clang 0.1.0 75.32 NOTE
r-devel-linux-x86_64-fedora-gcc 0.1.0 75.40 NOTE
r-devel-windows-x86_64 0.1.0 7.00 58.00 65.00 NOTE
r-patched-linux-x86_64 0.1.0 5.79 41.65 47.44 NOTE
r-release-linux-x86_64 0.1.0 6.11 40.85 46.96 NOTE
r-release-macos-arm64 0.1.0 24.00 NOTE
r-release-macos-x86_64 0.1.0 46.00 NOTE
r-release-windows-x86_64 0.1.0 7.00 57.00 64.00 NOTE
r-oldrel-macos-arm64 0.1.0 193.00 OK
r-oldrel-macos-x86_64 0.1.0 212.00 OK
r-oldrel-windows-x86_64 0.1.0 9.00 70.00 79.00 OK

Check Details

Version: 0.1.0
Check: DESCRIPTION meta-information
Result: NOTE Missing dependency on R >= 4.1.0 because package code uses the pipe |> or function shorthand \(...) syntax added in R 4.1.0. File(s) using such syntax: ‘long_est.R’ Flavors: r-devel-linux-x86_64-debian-clang, r-devel-linux-x86_64-debian-gcc, r-devel-linux-x86_64-fedora-clang, r-devel-linux-x86_64-fedora-gcc, r-devel-windows-x86_64, r-patched-linux-x86_64, r-release-linux-x86_64, r-release-macos-arm64, r-release-macos-x86_64, r-release-windows-x86_64