CRAN Package Check Results for Package CKLRT

Last updated on 2025-05-06 02:50:13 CEST.

Flavor Version Tinstall Tcheck Ttotal Status Flags
r-devel-linux-x86_64-debian-clang 0.2.3 45.60 63.84 109.44 NOTE
r-devel-linux-x86_64-debian-gcc 0.2.3 38.07 50.49 88.56 NOTE
r-devel-linux-x86_64-fedora-clang 0.2.3 174.58 OK
r-devel-linux-x86_64-fedora-gcc 0.2.3 206.58 OK
r-devel-windows-x86_64 0.2.3 48.00 105.00 153.00 OK
r-patched-linux-x86_64 0.2.3 49.05 64.95 114.00 OK
r-release-linux-x86_64 0.2.3 53.73 64.18 117.91 OK
r-release-macos-arm64 0.2.3 54.00 OK
r-release-macos-x86_64 0.2.3 115.00 OK
r-release-windows-x86_64 0.2.3 50.00 106.00 156.00 OK
r-oldrel-macos-arm64 0.2.3 50.00 NOTE
r-oldrel-macos-x86_64 0.2.3 77.00 NOTE
r-oldrel-windows-x86_64 0.2.3 58.00 125.00 183.00 NOTE

Check Details

Version: 0.2.3
Check: CRAN incoming feasibility
Result: NOTE Maintainer: ‘Haoyu Zhang <andrew.haoyu@gmail.com>’ No Authors@R field in DESCRIPTION. Please add one, modifying Authors@R: c(person(given = "Ni", family = "Zhao", role = "aut"), person(given = "Haoyu", family = "Zhang", role = c("aut", "cre"), email = "andrew.haoyu@gmail.com")) as necessary. Flavors: r-devel-linux-x86_64-debian-clang, r-devel-linux-x86_64-debian-gcc

Version: 0.2.3
Check: installed package size
Result: NOTE installed size is 21.2Mb sub-directories of 1Mb or more: libs 20.9Mb Flavors: r-oldrel-macos-arm64, r-oldrel-macos-x86_64

Version: 0.2.3
Check: LazyData
Result: NOTE 'LazyData' is specified without a 'data' directory Flavors: r-oldrel-macos-arm64, r-oldrel-macos-x86_64, r-oldrel-windows-x86_64