Last updated on 2024-05-21 02:01:57 CEST.
Flavor | Version | Tinstall | Tcheck | Ttotal | Status | Flags |
---|---|---|---|---|---|---|
r-devel-linux-x86_64-debian-clang | 3.7.2 | 72.08 | 812.35 | 884.43 | NOTE | |
r-devel-linux-x86_64-debian-gcc | 3.7.2 | 63.33 | 597.38 | 660.71 | NOTE | |
r-devel-linux-x86_64-fedora-clang | 3.7.2 | 1133.33 | NOTE | |||
r-devel-linux-x86_64-fedora-gcc | 3.7.2 | 1087.98 | NOTE | |||
r-devel-windows-x86_64 | 3.7.2 | 70.00 | 547.00 | 617.00 | NOTE | |
r-patched-linux-x86_64 | 3.7.2 | 74.16 | 760.58 | 834.74 | NOTE | |
r-release-linux-x86_64 | 3.7.2 | 70.03 | 774.65 | 844.68 | NOTE | |
r-release-macos-arm64 | 3.7.2 | 332.00 | NOTE | |||
r-release-macos-x86_64 | 3.7.2 | 573.00 | NOTE | |||
r-release-windows-x86_64 | 3.7.2 | 72.00 | 533.00 | 605.00 | ERROR | |
r-oldrel-macos-arm64 | 3.7.2 | 5.00 | ERROR | |||
r-oldrel-macos-x86_64 | 3.7.2 | 539.00 | NOTE | |||
r-oldrel-windows-x86_64 | 3.7.2 | 92.00 | 717.00 | 809.00 | NOTE |
Version: 3.7.2
Check: package dependencies
Result: NOTE
Package suggested but not available for checking: ‘HiCseg’
Flavors: r-devel-linux-x86_64-debian-clang, r-devel-linux-x86_64-debian-gcc, r-devel-linux-x86_64-fedora-clang, r-devel-linux-x86_64-fedora-gcc, r-patched-linux-x86_64, r-release-linux-x86_64
Version: 3.7.2
Check: installed package size
Result: NOTE
installed size is 5.3Mb
sub-directories of 1Mb or more:
doc 3.2Mb
extdata 1.7Mb
Flavors: r-devel-linux-x86_64-fedora-clang, r-devel-windows-x86_64, r-release-macos-arm64, r-release-macos-x86_64, r-release-windows-x86_64, r-oldrel-macos-x86_64, r-oldrel-windows-x86_64
Version: 3.7.2
Check: dependencies in R code
Result: NOTE
Namespace in Imports field not imported from: 'Hmisc'
All declared Imports should be used.
Flavors: r-devel-linux-x86_64-fedora-clang, r-devel-linux-x86_64-fedora-gcc
Version: 3.7.2
Check: package dependencies
Result: NOTE
Package suggested but not available for checking: ‘BSgenome.Hsapiens.UCSC.hg19’
Flavors: r-release-macos-arm64, r-release-macos-x86_64, r-oldrel-macos-x86_64
Version: 3.7.2
Check: re-building of vignette outputs
Result: ERROR
Error(s) in re-building vignettes:
--- re-building 'additonal_examples.Rmd' using rmarkdown
--- re-building 'create_input_matrix.Rmd' using rmarkdown
--- finished re-building 'create_input_matrix.Rmd'
--- re-building 'create_output_matrix.Rmd' using rmarkdown
--- finished re-building 'create_output_matrix.Rmd'
--- re-building 'power_analysis.Rmd' using rmarkdown
--- finished re-building 'power_analysis.Rmd'
SUMMARY: processing the following file failed:
'additonal_examples.Rmd'
Error: Vignette re-building failed.
Execution halted
Flavor: r-release-windows-x86_64
Version: 3.7.2
Check: package dependencies
Result: ERROR
Package required but not available: ‘GenomicInteractions’
Packages suggested but not available for checking:
'InteractionSet', 'BSgenome.Hsapiens.UCSC.hg19'
See section ‘The DESCRIPTION file’ in the ‘Writing R Extensions’
manual.
Flavor: r-oldrel-macos-arm64