Last updated on 2024-05-21 02:01:57 CEST.
Flavor | Version | Tinstall | Tcheck | Ttotal | Status | Flags |
---|---|---|---|---|---|---|
r-devel-linux-x86_64-debian-clang | 1.0.0 | 1.94 | 23.29 | 25.23 | OK | |
r-devel-linux-x86_64-debian-gcc | 1.0.0 | 1.62 | 17.77 | 19.39 | OK | |
r-devel-linux-x86_64-fedora-clang | 1.0.0 | 31.56 | NOTE | |||
r-devel-linux-x86_64-fedora-gcc | 1.0.0 | 29.79 | NOTE | |||
r-devel-windows-x86_64 | 1.0.0 | 3.00 | 39.00 | 42.00 | OK | |
r-patched-linux-x86_64 | 1.0.0 | 2.26 | 21.71 | 23.97 | OK | |
r-release-linux-x86_64 | 1.0.0 | 1.55 | 22.06 | 23.61 | OK | |
r-release-macos-arm64 | 1.0.0 | 15.00 | OK | |||
r-release-windows-x86_64 | 1.0.0 | 3.00 | 40.00 | 43.00 | OK | |
r-oldrel-macos-arm64 | 1.0.0 | 15.00 | OK | |||
r-oldrel-macos-x86_64 | 1.0.0 | 20.00 | OK | |||
r-oldrel-windows-x86_64 | 1.0.0 | 3.00 | 40.00 | 43.00 | OK |
Version: 1.0.0
Check: data for non-ASCII characters
Result: NOTE
Note: found 2 marked UTF-8 strings
Flavors: r-devel-linux-x86_64-fedora-clang, r-devel-linux-x86_64-fedora-gcc