Last updated on 2025-05-09 01:50:02 CEST.
Flavor | Version | Tinstall | Tcheck | Ttotal | Status | Flags |
---|---|---|---|---|---|---|
r-devel-linux-x86_64-debian-clang | 1.2.0 | 12.60 | 107.77 | 120.37 | OK | |
r-devel-linux-x86_64-debian-gcc | 1.2.0 | 8.66 | 78.54 | 87.20 | OK | |
r-devel-linux-x86_64-fedora-clang | 1.2.0 | 203.49 | OK | |||
r-devel-linux-x86_64-fedora-gcc | 1.2.0 | 177.54 | OK | |||
r-devel-windows-x86_64 | 1.2.0 | 14.00 | 103.00 | 117.00 | OK | |
r-patched-linux-x86_64 | 1.2.0 | 12.56 | 101.21 | 113.77 | OK | |
r-release-linux-x86_64 | 1.2.0 | 11.42 | 101.15 | 112.57 | OK | |
r-release-macos-arm64 | 1.2.0 | 50.00 | OK | |||
r-release-macos-x86_64 | 1.2.0 | 92.00 | OK | |||
r-release-windows-x86_64 | 1.2.0 | 14.00 | 106.00 | 120.00 | OK | |
r-oldrel-macos-arm64 | 1.2.0 | 50.00 | NOTE | |||
r-oldrel-macos-x86_64 | 1.2.0 | 81.00 | NOTE | |||
r-oldrel-windows-x86_64 | 1.2.0 | 16.00 | 128.00 | 144.00 | NOTE |
Version: 1.2.0
Check: LazyData
Result: NOTE
'LazyData' is specified without a 'data' directory
Flavors: r-oldrel-macos-arm64, r-oldrel-macos-x86_64, r-oldrel-windows-x86_64