Last updated on 2025-05-09 01:50:02 CEST.
Flavor | Version | Tinstall | Tcheck | Ttotal | Status | Flags |
---|---|---|---|---|---|---|
r-devel-linux-x86_64-debian-clang | 2.0 | 2.11 | 19.44 | 21.55 | NOTE | |
r-devel-linux-x86_64-debian-gcc | 2.0 | 1.80 | 15.47 | 17.27 | NOTE | |
r-devel-linux-x86_64-fedora-clang | 2.0 | 34.37 | OK | |||
r-devel-linux-x86_64-fedora-gcc | 2.0 | 32.94 | OK | |||
r-devel-windows-x86_64 | 2.0 | 4.00 | 37.00 | 41.00 | OK | |
r-patched-linux-x86_64 | 2.0 | 2.00 | 18.82 | 20.82 | OK | |
r-release-linux-x86_64 | 2.0 | 2.12 | 18.97 | 21.09 | OK | |
r-release-macos-arm64 | 2.0 | 14.00 | OK | |||
r-release-macos-x86_64 | 2.0 | 24.00 | OK | |||
r-release-windows-x86_64 | 2.0 | 3.00 | 37.00 | 40.00 | OK | |
r-oldrel-macos-arm64 | 2.0 | 14.00 | OK | |||
r-oldrel-macos-x86_64 | 2.0 | 21.00 | OK | |||
r-oldrel-windows-x86_64 | 2.0 | 3.00 | 36.00 | 39.00 | OK |
Version: 2.0
Check: CRAN incoming feasibility
Result: NOTE
Maintainer: ‘Shuo Li <skyli@bu.edu>’
No Authors@R field in DESCRIPTION.
Please add one, modifying
Authors@R: c(person(given = "Shuo",
family = "Li",
role = c("aut", "cre"),
email = "skyli@bu.edu"),
person(given = "Xuan",
family = "Liu",
role = "aut",
email = "liuxuan@bu.edu"),
person(given = "Qiong",
family = "Yang",
role = "aut",
email = "qyang@bu.edu"))
as necessary.
Flavors: r-devel-linux-x86_64-debian-clang, r-devel-linux-x86_64-debian-gcc