Last updated on 2025-04-30 01:50:16 CEST.
Flavor | Version | Tinstall | Tcheck | Ttotal | Status | Flags |
---|---|---|---|---|---|---|
r-devel-linux-x86_64-debian-clang | 1.0-15 | 133.51 | 308.22 | 441.73 | OK | |
r-devel-linux-x86_64-debian-gcc | 1.0-15 | 87.34 | 201.86 | 289.20 | OK | |
r-devel-linux-x86_64-fedora-clang | 1.0-15 | 754.85 | OK | |||
r-devel-linux-x86_64-fedora-gcc | 1.0-15 | 710.04 | OK | |||
r-devel-windows-x86_64 | 1.0-15 | 134.00 | 348.00 | 482.00 | OK | |
r-patched-linux-x86_64 | 1.0-15 | 134.41 | 285.92 | 420.33 | OK | |
r-release-linux-x86_64 | 1.0-15 | 128.54 | 285.90 | 414.44 | OK | |
r-release-macos-arm64 | 1.0-15 | 173.00 | OK | |||
r-release-macos-x86_64 | 1.0-15 | 389.00 | OK | |||
r-release-windows-x86_64 | 1.0-15 | 132.00 | 360.00 | 492.00 | OK | |
r-oldrel-macos-arm64 | 1.0-15 | 184.00 | NOTE | |||
r-oldrel-macos-x86_64 | 1.0-15 | 321.00 | NOTE | |||
r-oldrel-windows-x86_64 | 1.0-15 | 168.00 | 442.00 | 610.00 | NOTE |
Version: 1.0-15
Check: package dependencies
Result: NOTE
Packages which this enhances but not available for checking:
'Rcplex', 'gurobi', 'rcbc'
Flavors: r-oldrel-macos-arm64, r-oldrel-macos-x86_64, r-oldrel-windows-x86_64
Version: 1.0-15
Check: installed package size
Result: NOTE
installed size is 10.5Mb
sub-directories of 1Mb or more:
R 3.1Mb
doc 1.2Mb
help 1.1Mb
libs 4.7Mb
Flavors: r-oldrel-macos-arm64, r-oldrel-macos-x86_64, r-oldrel-windows-x86_64