Last updated on 2025-10-31 01:48:53 CET.
| Flavor | Version | Tinstall | Tcheck | Ttotal | Status | Flags | 
|---|---|---|---|---|---|---|
| r-devel-linux-x86_64-debian-clang | 0.2.0 | 7.14 | 43.71 | 50.85 | OK | |
| r-devel-linux-x86_64-debian-gcc | 0.2.0 | 5.15 | 34.32 | 39.47 | OK | |
| r-devel-linux-x86_64-fedora-clang | 0.2.0 | 30.00 | 49.40 | 79.40 | NOTE | |
| r-devel-linux-x86_64-fedora-gcc | 0.2.0 | 14.00 | 72.68 | 86.68 | NOTE | |
| r-devel-windows-x86_64 | 0.2.0 | 8.00 | 79.00 | 87.00 | OK | |
| r-patched-linux-x86_64 | 0.2.0 | 6.09 | 41.32 | 47.41 | OK | |
| r-release-linux-x86_64 | 0.2.0 | 6.62 | 40.92 | 47.54 | OK | |
| r-release-macos-arm64 | 0.2.0 | 5.00 | 32.00 | 37.00 | OK | |
| r-release-macos-x86_64 | 0.2.0 | 11.00 | 64.00 | 75.00 | OK | |
| r-release-windows-x86_64 | 0.2.0 | 8.00 | 79.00 | 87.00 | OK | |
| r-oldrel-macos-arm64 | 0.2.0 | 5.00 | 35.00 | 40.00 | OK | |
| r-oldrel-macos-x86_64 | 0.2.0 | 7.00 | 55.00 | 62.00 | OK | |
| r-oldrel-windows-x86_64 | 0.2.0 | 12.00 | 85.00 | 97.00 | OK | 
Version: 0.2.0
Check: dependencies in R code
Result: NOTE
  Namespace in Imports field not imported from: ‘data.table’
    All declared Imports should be used.
Flavors: r-devel-linux-x86_64-fedora-clang, r-devel-linux-x86_64-fedora-gcc