Last updated on 2024-05-21 02:01:57 CEST.
Flavor | Version | Tinstall | Tcheck | Ttotal | Status | Flags |
---|---|---|---|---|---|---|
r-devel-linux-x86_64-debian-clang | 1.1.0 | 2.02 | 23.05 | 25.07 | OK | |
r-devel-linux-x86_64-debian-gcc | 1.1.0 | 1.97 | 17.69 | 19.66 | OK | |
r-devel-linux-x86_64-fedora-clang | 1.1.0 | 32.90 | NOTE | |||
r-devel-linux-x86_64-fedora-gcc | 1.1.0 | 30.35 | NOTE | |||
r-devel-windows-x86_64 | 1.1.0 | 4.00 | 39.00 | 43.00 | OK | |
r-patched-linux-x86_64 | 1.1.0 | 1.69 | 21.68 | 23.37 | OK | |
r-release-linux-x86_64 | 1.1.0 | 2.62 | 21.79 | 24.41 | OK | |
r-release-macos-arm64 | 1.1.0 | 15.00 | OK | |||
r-release-windows-x86_64 | 1.1.0 | 5.00 | 39.00 | 44.00 | OK | |
r-oldrel-macos-arm64 | 1.1.0 | 19.00 | OK | |||
r-oldrel-macos-x86_64 | 1.1.0 | 24.00 | OK | |||
r-oldrel-windows-x86_64 | 1.1.0 | 5.00 | 41.00 | 46.00 | OK |
Version: 1.1.0
Check: dependencies in R code
Result: NOTE
Namespaces in Imports field not imported from:
‘DT’ ‘batchtools’ ‘data.table’ ‘dplyr’ ‘ggplot2’ ‘htmltools’
‘jsonlite’ ‘magrittr’ ‘methods’ ‘plotly’ ‘reshape’ ‘rlang’ ‘shiny’
‘shinyWidgets’ ‘shinyjqui’ ‘shinyjs’ ‘shinymaterial’ ‘sortable’ ‘ssh’
‘xml2’
All declared Imports should be used.
Flavors: r-devel-linux-x86_64-fedora-clang, r-devel-linux-x86_64-fedora-gcc