Last updated on 2024-05-21 02:01:57 CEST.
Flavor | Version | Tinstall | Tcheck | Ttotal | Status | Flags |
---|---|---|---|---|---|---|
r-devel-linux-x86_64-debian-clang | 1.1.6 | 7.57 | 34.71 | 42.28 | OK | |
r-devel-linux-x86_64-debian-gcc | 1.1.6 | 5.47 | 26.18 | 31.65 | OK | |
r-devel-linux-x86_64-fedora-clang | 1.1.6 | 52.64 | NOTE | |||
r-devel-linux-x86_64-fedora-gcc | 1.1.6 | 50.88 | NOTE | |||
r-devel-windows-x86_64 | 1.1.6 | 8.00 | 58.00 | 66.00 | OK | |
r-patched-linux-x86_64 | 1.1.6 | 7.61 | 34.82 | 42.43 | OK | |
r-release-linux-x86_64 | 1.1.6 | 7.29 | 34.81 | 42.10 | OK | |
r-release-macos-arm64 | 1.1.6 | 19.00 | OK | |||
r-release-windows-x86_64 | 1.1.6 | 9.00 | 56.00 | 65.00 | OK | |
r-oldrel-macos-arm64 | 1.1.6 | 32.00 | OK | |||
r-oldrel-macos-x86_64 | 1.1.6 | 50.00 | OK | |||
r-oldrel-windows-x86_64 | 1.1.6 | 12.00 | 53.00 | 65.00 | OK |
Version: 1.1.6
Check: compiled code
Result: NOTE
File ‘ClickClust/libs/ClickClust.so’:
Found no calls to: ‘R_registerRoutines’, ‘R_useDynamicSymbols’
It is good practice to register native routines and to disable symbol
search.
See ‘Writing portable packages’ in the ‘Writing R Extensions’ manual.
Flavors: r-devel-linux-x86_64-fedora-clang, r-devel-linux-x86_64-fedora-gcc