Last updated on 2025-05-01 01:49:27 CEST.
Flavor | Version | Tinstall | Tcheck | Ttotal | Status | Flags |
---|---|---|---|---|---|---|
r-devel-linux-x86_64-debian-clang | 1.0.6 | 17.83 | 292.31 | 310.14 | NOTE | |
r-devel-linux-x86_64-debian-gcc | 1.0.6 | 11.63 | 211.41 | 223.04 | OK | |
r-devel-linux-x86_64-fedora-clang | 1.0.6 | 527.45 | OK | |||
r-devel-linux-x86_64-fedora-gcc | 1.0.6 | 542.03 | OK | |||
r-devel-windows-x86_64 | 1.0.6 | 19.00 | 303.00 | 322.00 | OK | |
r-patched-linux-x86_64 | 1.0.6 | 16.19 | 289.98 | 306.17 | OK | |
r-release-linux-x86_64 | 1.0.6 | 17.59 | 292.23 | 309.82 | OK | |
r-release-macos-arm64 | 1.0.6 | 170.00 | OK | |||
r-release-macos-x86_64 | 1.0.6 | 207.00 | OK | |||
r-release-windows-x86_64 | 1.0.6 | 21.00 | 308.00 | 329.00 | OK | |
r-oldrel-macos-arm64 | 1.0.6 | 179.00 | OK | |||
r-oldrel-macos-x86_64 | 1.0.6 | 195.00 | OK | |||
r-oldrel-windows-x86_64 | 1.0.6 | 24.00 | 385.00 | 409.00 | OK |
Version: 1.0.6
Check: examples
Result: NOTE
Examples with CPU (user + system) or elapsed time > 5s
user system elapsed
visual_prep 3.913 0.552 5.204
Flavor: r-devel-linux-x86_64-debian-clang
Version: 1.0.6
Check: examples
Result: NA
user system elapsed
visual_prep 3.091 0.664 6.908
OK
Flavor: r-devel-linux-x86_64-debian-gcc