Last updated on 2025-05-01 01:49:27 CEST.
Flavor | Version | Tinstall | Tcheck | Ttotal | Status | Flags |
---|---|---|---|---|---|---|
r-devel-linux-x86_64-debian-clang | 0.2.6.2 | 9.87 | 99.35 | 109.22 | NOTE | |
r-devel-linux-x86_64-debian-gcc | 0.2.6.2 | 6.42 | 75.16 | 81.58 | NOTE | |
r-devel-linux-x86_64-fedora-clang | 0.2.6.2 | 179.83 | OK | |||
r-devel-linux-x86_64-fedora-gcc | 0.2.6.2 | 160.39 | OK | |||
r-devel-windows-x86_64 | 0.2.6.2 | 10.00 | 101.00 | 111.00 | OK | |
r-patched-linux-x86_64 | 0.2.6.2 | 6.94 | 95.68 | 102.62 | OK | |
r-release-linux-x86_64 | 0.2.6.2 | 9.52 | 94.03 | 103.55 | OK | |
r-release-macos-arm64 | 0.2.6.2 | 53.00 | OK | |||
r-release-macos-x86_64 | 0.2.6.2 | 90.00 | OK | |||
r-release-windows-x86_64 | 0.2.6.2 | 10.00 | 101.00 | 111.00 | OK | |
r-oldrel-macos-arm64 | 0.2.6.2 | 49.00 | NOTE | |||
r-oldrel-macos-x86_64 | 0.2.6.2 | 70.00 | NOTE | |||
r-oldrel-windows-x86_64 | 0.2.6.2 | 12.00 | 129.00 | 141.00 | NOTE |
Version: 0.2.6.2
Check: CRAN incoming feasibility
Result: NOTE
Maintainer: ‘Christina Heinze-Deml <heinzedeml@stat.math.ethz.ch>’
No Authors@R field in DESCRIPTION.
Please add one, modifying
Authors@R: c(person(given = "Christina",
family = "Heinze-Deml",
role = c("aut", "cre"),
email = "heinzedeml@stat.math.ethz.ch"),
person(given = "Nicolai",
family = "Meinshausen",
role = "aut",
email = "meinshausen@stat.math.ethz.ch"))
as necessary.
Package CITATION file contains call(s) to old-style personList() or
as.personList(). Please use c() on person objects instead.
Package CITATION file contains call(s) to old-style citEntry(). Please
use bibentry() instead.
Flavors: r-devel-linux-x86_64-debian-clang, r-devel-linux-x86_64-debian-gcc
Version: 0.2.6.2
Check: examples
Result: NOTE
Examples with CPU (user + system) or elapsed time > 5s
user system elapsed
getRanking 3.954 0.253 7.006
Flavor: r-devel-linux-x86_64-debian-clang
Version: 0.2.6.2
Check: package dependencies
Result: NOTE
Package suggested but not available for checking: ‘CAM’
Flavors: r-oldrel-macos-arm64, r-oldrel-macos-x86_64, r-oldrel-windows-x86_64