Last updated on 2025-04-30 01:50:15 CEST.
Flavor | Version | Tinstall | Tcheck | Ttotal | Status | Flags |
---|---|---|---|---|---|---|
r-devel-linux-x86_64-debian-clang | 3.2 | 22.89 | 199.15 | 222.04 | NOTE | |
r-devel-linux-x86_64-debian-gcc | 3.2 | 17.89 | 139.81 | 157.70 | NOTE | |
r-devel-linux-x86_64-fedora-clang | 3.2 | 364.47 | OK | |||
r-devel-linux-x86_64-fedora-gcc | 3.2 | 367.01 | OK | |||
r-devel-windows-x86_64 | 3.2 | 24.00 | 198.00 | 222.00 | OK | |
r-patched-linux-x86_64 | 3.2 | 22.94 | 190.59 | 213.53 | OK | |
r-release-linux-x86_64 | 3.2 | 20.82 | 190.85 | 211.67 | OK | |
r-release-macos-arm64 | 3.2 | 92.00 | OK | |||
r-release-macos-x86_64 | 3.2 | 190.00 | OK | |||
r-release-windows-x86_64 | 3.2 | 24.00 | 195.00 | 219.00 | OK | |
r-oldrel-macos-arm64 | 3.2 | 104.00 | OK | |||
r-oldrel-macos-x86_64 | 3.2 | 130.00 | OK | |||
r-oldrel-windows-x86_64 | 3.2 | 30.00 | 263.00 | 293.00 | OK |
Version: 3.2
Check: examples
Result: NOTE
Examples with CPU (user + system) or elapsed time > 5s
user system elapsed
ci_ogwa 7.234 0.118 8.875
Flavor: r-devel-linux-x86_64-debian-clang
Version: 3.2
Check: examples
Result: NOTE
Examples with CPU (user + system) or elapsed time > 5s
user system elapsed
ci_ogwa 3.806 0.582 5.333
Flavor: r-devel-linux-x86_64-debian-gcc