Last updated on 2025-05-02 02:50:52 CEST.
Flavor | Version | Tinstall | Tcheck | Ttotal | Status | Flags |
---|---|---|---|---|---|---|
r-devel-linux-x86_64-debian-clang | 0.3.3 | 19.69 | 161.56 | 181.25 | NOTE | |
r-devel-linux-x86_64-debian-gcc | 0.3.3 | 14.72 | 107.05 | 121.77 | OK | |
r-devel-linux-x86_64-fedora-clang | 0.3.3 | 299.42 | OK | |||
r-devel-linux-x86_64-fedora-gcc | 0.3.3 | 253.62 | OK | |||
r-devel-windows-x86_64 | 0.3.3 | 20.00 | 157.00 | 177.00 | OK | |
r-patched-linux-x86_64 | 0.3.3 | 20.10 | 150.26 | 170.36 | OK | |
r-release-linux-x86_64 | OK | |||||
r-release-macos-arm64 | 0.3.3 | 69.00 | OK | |||
r-release-macos-x86_64 | 0.3.3 | 132.00 | OK | |||
r-release-windows-x86_64 | 0.3.3 | 19.00 | 155.00 | 174.00 | OK | |
r-oldrel-macos-arm64 | 0.3.3 | 70.00 | OK | |||
r-oldrel-macos-x86_64 | 0.3.3 | 114.00 | OK | |||
r-oldrel-windows-x86_64 | 0.3.3 | 27.00 | 204.00 | 231.00 | OK |
Version: 0.3.3
Check: examples
Result: NOTE
Examples with CPU (user + system) or elapsed time > 5s
user system elapsed
getmoduleHub 3.675 0.089 5.481
Flavor: r-devel-linux-x86_64-debian-clang