Last updated on 2025-05-09 01:50:02 CEST.
Flavor | Version | Tinstall | Tcheck | Ttotal | Status | Flags |
---|---|---|---|---|---|---|
r-devel-linux-x86_64-debian-clang | 1.0.0 | 3.20 | 31.77 | 34.97 | NOTE | |
r-devel-linux-x86_64-debian-gcc | 1.0.0 | 2.27 | 22.72 | 24.99 | NOTE | |
r-devel-linux-x86_64-fedora-clang | 1.0.0 | 54.52 | OK | |||
r-devel-linux-x86_64-fedora-gcc | 1.0.0 | 52.47 | OK | |||
r-devel-windows-x86_64 | 1.0.0 | 5.00 | 52.00 | 57.00 | OK | |
r-patched-linux-x86_64 | 1.0.0 | 3.60 | 30.12 | 33.72 | OK | |
r-release-linux-x86_64 | 1.0.0 | 2.47 | 30.75 | 33.22 | OK | |
r-release-macos-arm64 | 1.0.0 | 18.00 | OK | |||
r-release-macos-x86_64 | 1.0.0 | 35.00 | OK | |||
r-release-windows-x86_64 | 1.0.0 | 3.00 | 53.00 | 56.00 | OK | |
r-oldrel-macos-arm64 | 1.0.0 | 18.00 | OK | |||
r-oldrel-macos-x86_64 | 1.0.0 | 30.00 | OK | |||
r-oldrel-windows-x86_64 | 1.0.0 | 5.00 | 51.00 | 56.00 | OK |
Version: 1.0.0
Check: CRAN incoming feasibility
Result: NOTE
Maintainer: ‘Victor Barreto Mesquita <victormesquita40@hotmail.com>’
No Authors@R field in DESCRIPTION.
Please add one, modifying
Authors@R: c(person(given = c("Victor", "Barreto"),
family = "Mesquita",
role = c("ctb", "aut", "cre"),
email = "victormesquita40@hotmail.com"),
person(given = c("Florêncio", "Mendes", "Oliveira"),
family = "Filho",
role = c("ctb", "aut")),
person(given = c("Ian", "Meneghel"),
family = "Danilevicz.",
role = c("ctb", "aut")))
as necessary.
Flavors: r-devel-linux-x86_64-debian-clang, r-devel-linux-x86_64-debian-gcc