Last updated on 2025-05-01 01:49:29 CEST.
Flavor | Version | Tinstall | Tcheck | Ttotal | Status | Flags |
---|---|---|---|---|---|---|
r-devel-linux-x86_64-debian-clang | 0.4.7 | 10.62 | 231.24 | 241.86 | NOTE | |
r-devel-linux-x86_64-debian-gcc | 0.4.7 | 7.76 | 158.11 | 165.87 | OK | |
r-devel-linux-x86_64-fedora-clang | 0.4.7 | 395.21 | OK | |||
r-devel-linux-x86_64-fedora-gcc | 0.4.7 | 405.03 | OK | |||
r-devel-windows-x86_64 | 0.4.7 | 11.00 | 226.00 | 237.00 | OK | |
r-patched-linux-x86_64 | 0.4.7 | 12.31 | 221.06 | 233.37 | OK | |
r-release-linux-x86_64 | 0.4.7 | 10.21 | 222.04 | 232.25 | OK | |
r-release-macos-arm64 | 0.4.7 | 110.00 | OK | |||
r-release-macos-x86_64 | 0.4.7 | 209.00 | OK | |||
r-release-windows-x86_64 | 0.4.7 | 12.00 | 229.00 | 241.00 | OK | |
r-oldrel-macos-arm64 | 0.4.7 | 110.00 | OK | |||
r-oldrel-macos-x86_64 | 0.4.7 | 217.00 | OK | |||
r-oldrel-windows-x86_64 | 0.4.7 | 15.00 | 298.00 | 313.00 | OK |
Version: 0.4.7
Check: examples
Result: NOTE
Examples with CPU (user + system) or elapsed time > 5s
user system elapsed
testCategorical 3.806 0.118 5.432
Flavor: r-devel-linux-x86_64-debian-clang