Last updated on 2025-05-18 02:49:34 CEST.
Flavor | Version | Tinstall | Tcheck | Ttotal | Status | Flags |
---|---|---|---|---|---|---|
r-devel-linux-x86_64-debian-clang | 0.9.2 | 6.25 | 73.08 | 79.33 | NOTE | |
r-devel-linux-x86_64-debian-gcc | 0.9.2 | 4.74 | 51.04 | 55.78 | NOTE | |
r-devel-linux-x86_64-fedora-clang | 0.9.2 | 137.84 | NOTE | |||
r-devel-linux-x86_64-fedora-gcc | 0.9.2 | 138.62 | NOTE | |||
r-devel-windows-x86_64 | 0.9.2 | 10.00 | 90.00 | 100.00 | OK | |
r-patched-linux-x86_64 | 0.9.2 | 8.41 | 69.71 | 78.12 | OK | |
r-release-linux-x86_64 | 0.9.2 | 6.64 | 69.54 | 76.18 | OK | |
r-release-macos-arm64 | 0.9.2 | 45.00 | OK | |||
r-release-macos-x86_64 | 0.9.2 | 85.00 | OK | |||
r-release-windows-x86_64 | 0.9.2 | 10.00 | 94.00 | 104.00 | OK | |
r-oldrel-macos-arm64 | 0.9.2 | 43.00 | OK | |||
r-oldrel-macos-x86_64 | 0.9.2 | 74.00 | OK | |||
r-oldrel-windows-x86_64 | 0.9.2 | 11.00 | 110.00 | 121.00 | OK |
Version: 0.9.2
Check: CRAN incoming feasibility
Result: NOTE
Maintainer: ‘Mahmoud Elkasabi <mahmoudelkasabi@gmail.com>’
No Authors@R field in DESCRIPTION.
Please add one, modifying
Authors@R: person(given = "Mahmoud",
family = "Elkasabi",
role = c("aut", "cre"),
email = "mahmoudelkasabi@gmail.com")
as necessary.
Flavors: r-devel-linux-x86_64-debian-clang, r-devel-linux-x86_64-debian-gcc
Version: 0.9.2
Check: dependencies in R code
Result: NOTE
Namespace in Imports field not imported from: ‘rlang’
All declared Imports should be used.
Flavors: r-devel-linux-x86_64-fedora-clang, r-devel-linux-x86_64-fedora-gcc