CRAN Package Check Results for Package DICEM

Last updated on 2025-05-01 01:49:29 CEST.

Flavor Version Tinstall Tcheck Ttotal Status Flags
r-devel-linux-x86_64-debian-clang 0.1.0 4.08 31.76 35.84 NOTE
r-devel-linux-x86_64-debian-gcc 0.1.0 3.70 24.98 28.68 OK
r-devel-linux-x86_64-fedora-clang 0.1.0 57.47 OK
r-devel-linux-x86_64-fedora-gcc 0.1.0 58.39 OK
r-devel-windows-x86_64 0.1.0 6.00 54.00 60.00 OK
r-patched-linux-x86_64 0.1.0 4.06 30.34 34.40 OK
r-release-linux-x86_64 0.1.0 4.01 29.96 33.97 OK
r-release-macos-arm64 0.1.0 22.00 OK
r-release-macos-x86_64 0.1.0 37.00 OK
r-release-windows-x86_64 0.1.0 6.00 53.00 59.00 OK
r-oldrel-macos-arm64 0.1.0 25.00 OK
r-oldrel-macos-x86_64 0.1.0 54.00 OK
r-oldrel-windows-x86_64 0.1.0 7.00 63.00 70.00 OK

Check Details

Version: 0.1.0
Check: examples
Result: NOTE Examples with CPU (user + system) or elapsed time > 5s user system elapsed DICE 6.543 0.472 9.908 Flavor: r-devel-linux-x86_64-debian-clang

Version: 0.1.0
Check: examples
Result: NA user system elapsed DICE 4.402 0.36 6.257 OK Flavor: r-devel-linux-x86_64-debian-gcc