CRAN Package Check Results for Package DImodels

Last updated on 2025-05-01 01:49:29 CEST.

Flavor Version Tinstall Tcheck Ttotal Status Flags
r-devel-linux-x86_64-debian-clang 1.3.2 8.50 151.66 160.16 NOTE
r-devel-linux-x86_64-debian-gcc 1.3.2 6.18 101.25 107.43 OK
r-devel-linux-x86_64-fedora-clang 1.3.2 251.57 OK
r-devel-linux-x86_64-fedora-gcc 1.3.2 241.49 OK
r-devel-windows-x86_64 1.3.2 11.00 160.00 171.00 OK
r-patched-linux-x86_64 1.3.2 8.09 139.99 148.08 OK
r-release-linux-x86_64 1.3.2 8.04 140.27 148.31 OK
r-release-macos-arm64 1.3.2 83.00 OK
r-release-macos-x86_64 1.3.2 144.00 OK
r-release-windows-x86_64 1.3.2 11.00 158.00 169.00 OK
r-oldrel-macos-arm64 1.3.2 70.00 OK
r-oldrel-macos-x86_64 1.3.2 143.00 OK
r-oldrel-windows-x86_64 1.3.2 13.00 205.00 218.00 OK

Check Details

Version: 1.3.2
Check: examples
Result: NOTE Examples with CPU (user + system) or elapsed time > 5s user system elapsed sim5 4.316 0.087 6.577 Flavor: r-devel-linux-x86_64-debian-clang