Last updated on 2025-05-02 01:51:54 CEST.
Flavor | Version | Tinstall | Tcheck | Ttotal | Status | Flags |
---|---|---|---|---|---|---|
r-devel-linux-x86_64-debian-clang | 0.5-9 | 18.32 | 412.03 | 430.35 | NOTE | |
r-devel-linux-x86_64-debian-gcc | 0.5-9 | 13.07 | 278.69 | 291.76 | NOTE | |
r-devel-linux-x86_64-fedora-clang | 0.5-9 | 659.42 | NOTE | |||
r-devel-linux-x86_64-fedora-gcc | 0.5-9 | 653.22 | NOTE | |||
r-devel-windows-x86_64 | 0.5-9 | 24.00 | 514.00 | 538.00 | NOTE | |
r-patched-linux-x86_64 | 0.5-9 | 20.21 | 379.71 | 399.92 | NOTE | |
r-release-linux-x86_64 | NOTE | |||||
r-release-macos-arm64 | 0.5-9 | 244.00 | NOTE | |||
r-release-macos-x86_64 | 0.5-9 | 437.00 | NOTE | |||
r-release-windows-x86_64 | 0.5-9 | 26.00 | 514.00 | 540.00 | NOTE | |
r-oldrel-macos-arm64 | 0.5-9 | 242.00 | OK | |||
r-oldrel-macos-x86_64 | 0.5-9 | 805.00 | OK | |||
r-oldrel-windows-x86_64 | 0.5-9 | 28.00 | 636.00 | 664.00 | OK |
Version: 0.5-9
Check: DESCRIPTION meta-information
Result: NOTE
Missing dependency on R >= 4.1.0 because package code uses the pipe
|> or function shorthand \(...) syntax added in R 4.1.0.
File(s) using such syntax:
‘expm1x.Rd’ ‘pnt.Rd’ ‘pt_Witkovsky_Tab1.Rd’
Flavors: r-devel-linux-x86_64-debian-clang, r-devel-linux-x86_64-debian-gcc, r-devel-linux-x86_64-fedora-clang, r-devel-linux-x86_64-fedora-gcc, r-devel-windows-x86_64, r-patched-linux-x86_64, r-release-linux-x86_64, r-release-macos-arm64, r-release-macos-x86_64, r-release-windows-x86_64
Version: 0.5-9
Check: examples
Result: NOTE
Examples with CPU (user + system) or elapsed time > 5s
user system elapsed
p1l1 4.356 0.024 5.734
Flavor: r-devel-linux-x86_64-debian-clang